{"id":362,"date":"2015-04-24T17:30:47","date_gmt":"2015-04-24T15:30:47","guid":{"rendered":"https:\/\/aeee.es\/xxi_congreso_aeee\/?page_id=362"},"modified":"2016-07-14T13:27:52","modified_gmt":"2016-07-14T11:27:52","slug":"politica-cookies","status":"publish","type":"page","link":"https:\/\/aeee.es\/xxi_congreso_aeee\/politica-cookies\/","title":{"rendered":"Pol\u00edtica de Cookies"},"content":{"rendered":"<p>El sitio web aeee.es utiliza cookies para dar soporte a la navegaci\u00f3n y para elaborar estad\u00edsticas sobre su uso por parte de los usuarios.<\/p>\n<h3>\u00bfQu\u00e9 son las cookies?<\/h3>\n<p>Las cookies son peque\u00f1os archivos que se almacenan en su dispositivo a petici\u00f3n de los sitios web que visita a trav\u00e9s de su navegador. Permiten diferenciar a cada usuario de forma \u00fanica, almacenar sus preferencias e informaci\u00f3n t\u00e9cnica y son una herramienta fundamental en la navegaci\u00f3n, sin ellas no se podr\u00eda, por ejemplo, utilizar el carrito de compra en las tiendas virtuales. La informaci\u00f3n que almacenan no incluye datos personales ni permiten acceder en modo alguno a la informaci\u00f3n contenida en su equipo.<\/p>\n<h3>Tipos de cookies<\/h3>\n<p><strong>Cookies t\u00e9cnicas:<\/strong> Son aquellas que resultan imprescindibles para navegar a trav\u00e9s de un sitio web y permiten, por ejemplo, identificarse como usuario registrado.<\/p>\n<p><strong>Cookies de personalizaci\u00f3n:<\/strong> Son aqu\u00e9llas que permiten mostrar al usuario contenidos personalizados en funci\u00f3n de los datos obtenidos del navegador como por ejemplo, el idioma, el tipo de dispositivo, etc.<\/p>\n<p><strong>Cookies de an\u00e1lisis:<\/strong> Son aqu\u00e9llas que permiten, el seguimiento y an\u00e1lisis del comportamiento de los usuarios y suelen utilizarse a efectos estad\u00edsticos.<\/p>\n<p><strong>Cookies publicitarias y de publicidad comportamental:<\/strong> Permiten gestionar de forma eficaz los espacios publicitarios de un sitio web y controlan el contenido y la frecuencia en la que se muestran sus anuncios.<\/p>\n<p>Para m\u00e1s informaci\u00f3n al respecto puede consultar la <a href=\"http:\/\/www.agpd.es\/portalwebAGPD\/canaldocumentacion\/publicaciones\/common\/Guias\/Guia_Cookies.pdf\">Gu\u00eda sobre el uso de las cookies de la Agencia Espa\u00f1ola de Protecci\u00f3n de Datos<\/a><\/p>\n<h3>Cookies utilizadas en este sitio web<\/h3>\n<h3>Propias<\/h3>\n<table class=\"table\" border=\"0\" width=\"100%\" cellspacing=\"0\" cellpadding=\"0\">\n<thead>\n<tr>\n<th width=\"50%\"><b>Tipo<\/b><\/th>\n<th><b>Funci\u00f3n<\/b><\/th>\n<\/tr>\n<\/thead>\n<tbody>\n<tr>\n<td valign=\"top\"><b>Cookies t\u00e9cnicas:<\/b> __utma, __utmb, __utmc, __utmz, viewed_cookie_policy<\/td>\n<td valign=\"top\">Facilitar la navegaci\u00f3n. viewed_cookie_policy gestiona el consentimiento para el uso de cookies.<\/td>\n<\/tr>\n<\/tbody>\n<\/table>\n<h3>google.com<\/h3>\n<table class=\"table\" border=\"0\" width=\"100%\" cellspacing=\"0\" cellpadding=\"0\">\n<thead>\n<tr>\n<th width=\"50%\"><b>Tipo<\/b><\/th>\n<th><b>Funci\u00f3n<\/b><\/th>\n<\/tr>\n<\/thead>\n<tbody>\n<tr>\n<td valign=\"top\"><b>Cookies de an\u00e1lisis:<\/b> NID, PREF<\/td>\n<td valign=\"top\">Elaborar estad\u00edsticas de uso del sitio web.<\/td>\n<\/tr>\n<\/tbody>\n<\/table>\n<h3>sharethis.com<\/h3>\n<table class=\"table\" border=\"0\" width=\"100%\" cellspacing=\"0\" cellpadding=\"0\">\n<thead>\n<tr>\n<th width=\"50%\"><b>Tipo<\/b><\/th>\n<th><b>Funci\u00f3n<\/b><\/th>\n<\/tr>\n<\/thead>\n<tbody>\n<tr>\n<td valign=\"top\"><b>Cookies t\u00e9cnicas:<\/b> _stid, _uset<\/td>\n<td valign=\"top\">Compartir p\u00e1ginas en redes sociales.<\/td>\n<\/tr>\n<\/tbody>\n<\/table>\n<h3>scorecardresearch.com<\/h3>\n<table class=\"table\" border=\"0\" width=\"100%\" cellspacing=\"0\" cellpadding=\"0\">\n<thead>\n<tr>\n<th width=\"50%\"><b>Tipo<\/b><\/th>\n<th><b>Funci\u00f3n<\/b><\/th>\n<\/tr>\n<\/thead>\n<tbody>\n<tr>\n<td valign=\"top\"><b>Cookies de an\u00e1lisis:<\/b> UID, UIDR<\/td>\n<td valign=\"top\">Elaborar estad\u00edsticas de uso del sitio web.<\/td>\n<\/tr>\n<\/tbody>\n<\/table>\n<h3>Aceptaci\u00f3n de la Pol\u00edtica de cookies<\/h3>\n<p>Si continua navegando consideramos que acepta el uso de cookies. Puede revocar en cualquier momento el consentimiento prestado para la utilizaci\u00f3n de cookies por parte de aeee.es configurando su navegador como se describe en el siguiente punto. La revocaci\u00f3n del consentimiento puede impedir el uso de algunas \u00e1reas del sitio web.<\/p>\n<p>No se precisa consentimiento para la instalaci\u00f3n de cookies t\u00e9cnicas y de personalizaci\u00f3n o aquellas que sean estrictamente necesarias para la navegaci\u00f3n.<\/p>\n<h3>C\u00f3mo personalizar la configuraci\u00f3n de Cookies en los principales navegadores<\/h3>\n<p>Usted puede borrar y denegar el uso de cookies por parte de aeee.es, o de cualquier otro sitio web, en su navegador. Encontrar\u00e1 m\u00e1s informaci\u00f3n en los siguientes enlaces.<\/p>\n<ul>\n<li><strong>Internet Explorer:<\/strong> <a href=\"http:\/\/windows.microsoft.com\/es-xl\/internet-explorer\/delete-manage-cookies#ie=ie-10\">windows.microsoft.com\/es-xl\/internet-explorer\/delete-manage-cookies#ie=\u00bbie-10&#8243;<\/a><\/li>\n<li><strong>FireFox:<\/strong> <a href=\"https:\/\/support.mozilla.org\/es\/kb\/Borrar%20cookies\">support.mozilla.org\/es\/kb\/Borrar%20cookies<\/a><\/li>\n<li><strong>Chrome:<\/strong> <a href=\"https:\/\/support.google.com\/chrome\/answer\/95647?hl=es\">support.google.com\/chrome\/answer\/95647?hl=\u00bbes\u00bb<\/a><\/li>\n<li><strong>Safari:<\/strong> <a href=\"http:\/\/www.apple.com\/es\/privacy\/use-of-cookies\/\">http:\/\/www.apple.com\/es\/privacy\/use-of-cookies\/<\/a><\/li>\n<\/ul>\n<p>Tambi\u00e9n puede gestionar el uso de cookies en su navegador a trav\u00e9s de las siguientes herramientas:<\/p>\n<ul>\n<li><strong>Ghostery:<\/strong> <a href=\"http:\/\/www.ghostery.com\/\">http:\/\/www.ghostery.com<\/a><\/li>\n<li><strong>Your online choices:<\/strong> <a href=\"http:\/\/www.youronlinechoices.com\/es\/\">http:\/\/www.youronlinechoices.com\/es\/<\/a><\/li>\n<\/ul>\n","protected":false},"excerpt":{"rendered":"<p>El sitio web aeee.es utiliza cookies para dar soporte a la navegaci\u00f3n y para elaborar estad\u00edsticas sobre su uso por parte de los usuarios. \u00bfQu\u00e9 son las cookies? Las cookies son peque\u00f1os archivos que se almacenan en su dispositivo a petici\u00f3n de los sitios web que visita a trav\u00e9s de su navegador. Permiten diferenciar a [&hellip;]<\/p>\n","protected":false},"author":3,"featured_media":0,"parent":0,"menu_order":9999,"comment_status":"open","ping_status":"closed","template":"","meta":{"footnotes":""},"class_list":["post-362","page","type-page","status-publish","hentry"],"_links":{"self":[{"href":"https:\/\/aeee.es\/xxi_congreso_aeee\/wp-json\/wp\/v2\/pages\/362","targetHints":{"allow":["GET"]}}],"collection":[{"href":"https:\/\/aeee.es\/xxi_congreso_aeee\/wp-json\/wp\/v2\/pages"}],"about":[{"href":"https:\/\/aeee.es\/xxi_congreso_aeee\/wp-json\/wp\/v2\/types\/page"}],"author":[{"embeddable":true,"href":"https:\/\/aeee.es\/xxi_congreso_aeee\/wp-json\/wp\/v2\/users\/3"}],"replies":[{"embeddable":true,"href":"https:\/\/aeee.es\/xxi_congreso_aeee\/wp-json\/wp\/v2\/comments?post=362"}],"version-history":[{"count":3,"href":"https:\/\/aeee.es\/xxi_congreso_aeee\/wp-json\/wp\/v2\/pages\/362\/revisions"}],"predecessor-version":[{"id":365,"href":"https:\/\/aeee.es\/xxi_congreso_aeee\/wp-json\/wp\/v2\/pages\/362\/revisions\/365"}],"wp:attachment":[{"href":"https:\/\/aeee.es\/xxi_congreso_aeee\/wp-json\/wp\/v2\/media?parent=362"}],"curies":[{"name":"wp","href":"https:\/\/api.w.org\/{rel}","templated":true}]}}