{"id":1057,"date":"2022-03-11T14:40:42","date_gmt":"2022-03-11T13:40:42","guid":{"rendered":"https:\/\/aeee.es\/xxi_congreso_aeee\/?page_id=1057"},"modified":"2026-04-23T13:24:56","modified_gmt":"2026-04-23T11:24:56","slug":"programa","status":"publish","type":"page","link":"https:\/\/aeee.es\/xxi_congreso_aeee\/programa\/","title":{"rendered":"Programa"},"content":{"rendered":"<div class=\"text-left\"><div  class=\"ui--space clearfix\" style=\"height: 15px;\" data-responsive=\"{&quot;css&quot;:{&quot;height&quot;:{&quot;phone&quot;:null,&quot;tablet&quot;:null,&quot;widescreen&quot;:&quot;15px&quot;}}}\"><\/div><h2 id=\"custom-title-h2-1\" class=\"ui--animation \" style=\"text-align: center; \"><strong>XXI CONGRESO DE LA ASOCIACI\u00d3N ESPA\u00d1OLA PARA LA ECONOM\u00cdA ENERG\u00c9TICA<\/strong><\/h2><h3 id=\"custom-title-h3-1\" class=\"ui--animation \" style=\"text-align: center; \"><strong>\u201cDesarrollo energ\u00e9tico sostenible: implicaciones socioecon\u00f3micas, medioambientales y geopol\u00edticas\u201d<\/strong><\/h3><h4 id=\"custom-title-h4-1\" class=\"ui--animation \" style=\"text-align: center; \"><strong>Pamplona, 27-29 de mayo de 2026<\/strong><\/h4><div class=\"ui--animation\"><table width=\"957\" cellspacing=\"0\" cellpadding=\"0\">\r\n<tbody>\r\n<tr>\r\n<td colspan=\"3\" valign=\"top\" bgcolor=\"#40989F\" width=\"957\" height=\"41\">\r\n<h3 lang=\"es-ES\" align=\"center\"><span style=\"color: #ffffff;\">27 de Mayo de 2026<\/span><\/h3>\r\n<\/td>\r\n<\/tr>\r\n<tr valign=\"top\">\r\n<td bgcolor=\"#7CBEC4\" width=\"99\" height=\"41\">\r\n<p lang=\"es-ES\" align=\"center\"><span style=\"color: #ffffff;\"><strong>Sala<\/strong><\/span><\/p>\r\n<\/td>\r\n<td bgcolor=\"#7CBEC4\" width=\"93\">\r\n<p lang=\"es-ES\" align=\"center\"><span style=\"color: #ffffff;\"><strong>Hora<\/strong><\/span><\/p>\r\n<\/td>\r\n<td bgcolor=\"#7CBEC4\" width=\"765\">\r\n<p lang=\"es-ES\"><span style=\"color: #ffffff;\"><strong>Evento<\/strong><\/span><\/p>\r\n<\/td>\r\n<\/tr>\r\n<tr valign=\"top\">\r\n<td width=\"99\" height=\"72\">\r\n<p lang=\"es-ES\" align=\"center\"><\/p>\r\n<\/td>\r\n<td width=\"93\">\r\n<p lang=\"es-ES\" align=\"center\">17:15-18:00<\/p>\r\n<\/td>\r\n<td width=\"765\">\r\n<p lang=\"es-ES\">Encuentro informal de participantes<\/p>\r\n<\/td>\r\n<\/tr>\r\n<\/tbody>\r\n<tbody>\r\n<tr valign=\"top\">\r\n<td width=\"99\" height=\"39\">\r\n<p lang=\"es-ES\" align=\"center\"><\/p>\r\n<\/td>\r\n<td width=\"93\">\r\n<p lang=\"es-ES\" align=\"center\">18:00-19:30<\/p>\r\n<\/td>\r\n<td width=\"765\">\r\n<p lang=\"es-ES\">Mesa redonda \u2013 Mujeres en el Sector de la Energ\u00eda<\/p>\r\n<\/td>\r\n<\/tr>\r\n<\/tbody>\r\n<tbody>\r\n<tr valign=\"top\">\r\n<td width=\"99\" height=\"51\">\r\n<p lang=\"es-ES\" align=\"center\"><\/p>\r\n<\/td>\r\n<td width=\"93\">\r\n<p lang=\"es-ES\" align=\"center\">19:45-21:00<\/p>\r\n<\/td>\r\n<td width=\"765\">\r\n<p lang=\"es-ES\">Pinchos y c\u00f3ctel de bienvenida<\/p>\r\n<\/td>\r\n<\/tr>\r\n<\/tbody>\r\n<\/table><\/div><div  class=\"ui--space clearfix\" style=\"height: 30px;\" data-responsive=\"{&quot;css&quot;:{&quot;height&quot;:{&quot;phone&quot;:null,&quot;tablet&quot;:null,&quot;widescreen&quot;:&quot;30px&quot;}}}\"><\/div><div class=\"ui--animation\"><table width=\"957\" cellspacing=\"0\" cellpadding=\"0\">\r\n<tbody>\r\n<tr>\r\n<td colspan=\"3\" valign=\"top\" bgcolor=\"#40989F\" width=\"957\" height=\"40\">\r\n<h3 lang=\"es-ES\" align=\"center\"><span style=\"color: #ffffff;\">28 de Mayo de 2026<\/span><\/h3>\r\n<\/td>\r\n<\/tr>\r\n<tr valign=\"top\">\r\n<td bgcolor=\"#7cbec0\" width=\"99\" height=\"40\">\r\n<p lang=\"es-ES\" align=\"center\"><span style=\"color: #ffffff;\"><strong>Sala<\/strong><\/span><\/p>\r\n<\/td>\r\n<td bgcolor=\"#7cbec0\" width=\"87\">\r\n<p lang=\"es-ES\"><span style=\"color: #ffffff;\"><strong>Hora<\/strong><\/span><\/p>\r\n<\/td>\r\n<td bgcolor=\"#7cbec0\" width=\"771\">\r\n<p lang=\"es-ES\"><span style=\"color: #ffffff;\"><strong>Evento<\/strong><\/span><\/p>\r\n<\/td>\r\n<\/tr>\r\n<tr valign=\"top\">\r\n<td width=\"99\" height=\"39\">\r\n<p lang=\"es-ES\" align=\"center\"><\/p>\r\n<\/td>\r\n<td width=\"93\">\r\n<p lang=\"es-ES\">8:30-9:00<\/p>\r\n<\/td>\r\n<td width=\"771\">\r\n<p lang=\"es-ES\">Acreditaci\u00f3n y recogida de documentaci\u00f3n<\/p>\r\n<\/td>\r\n<\/tr>\r\n<\/tbody>\r\n<tbody>\r\n<tr valign=\"top\">\r\n<td bgcolor=\"#cdeff0\" width=\"99\" height=\"39\">\r\n<p lang=\"es-ES\" align=\"center\"><\/p>\r\n<\/td>\r\n<td bgcolor=\"#cdeff0\" width=\"93\">\r\n<p lang=\"es-ES\">9:00-10:30<\/p>\r\n<\/td>\r\n<td bgcolor=\"#cdeff0\" width=\"771\">\r\n<p lang=\"es-ES\">Sesiones paralelas (I)<\/p>\r\n<ul>\r\n    <li>Sesiones paralelas 1.1: Impactos Socioecon\u00f3micos y Distribucionales I<\/li>\r\n    <li>Sesiones paralelas 1.2: Mercados El\u00e9ctricos, Almacenamiento y Regulaci\u00f3n (I)<\/li>\r\n    <li>Sesiones paralelas 1.3: Instrumentos de Pol\u00edtica Energ\u00e9tica y Clim\u00e1tica<\/li>\r\n    <li>Sesiones paralelas 1.4: Modelos y Metodolog\u00edas<\/li>\r\n<\/ul>\r\n<\/td>\r\n<\/tr>\r\n<\/tbody>\r\n<tbody>\r\n<tr valign=\"top\">\r\n<td width=\"99\" height=\"39\">\r\n<p lang=\"es-ES\" align=\"center\"><\/p>\r\n<\/td>\r\n<td width=\"100\">\r\n<p lang=\"es-ES\" align=\"right\">10:30-11:00<\/p>\r\n<\/td>\r\n<td width=\"771\">\r\n<p lang=\"es-ES\">Pausa para caf\u00e9<\/p>\r\n<\/td>\r\n<\/tr>\r\n<\/tbody>\r\n<tbody>\r\n<tr valign=\"top\">\r\n<td width=\"99\" height=\"39\">\r\n<p lang=\"es-ES\" align=\"center\"><\/p>\r\n<\/td>\r\n<td width=\"93\">\r\n<p lang=\"es-ES\">11:00-12:30<\/p>\r\n<\/td>\r\n<td width=\"771\">\r\n<p lang=\"es-ES\">Acto de apertura<\/p>\r\n<\/td>\r\n<\/tr>\r\n<\/tbody>\r\n<tbody>\r\n<tr valign=\"top\">\r\n<td width=\"99\" height=\"77\">\r\n<p lang=\"es-ES\" align=\"center\"><\/p>\r\n<\/td>\r\n<td width=\"93\">\r\n<p lang=\"es-ES\" align=\"right\">12:30-13:45<\/p>\r\n<\/td>\r\n<td width=\"771\">\r\n<p lang=\"es-ES\">Ponencia plenaria - Peter Hartley (Rice University)<\/p>\r\n<\/td>\r\n<\/tr>\r\n<\/tbody>\r\n<tbody>\r\n<tr valign=\"top\">\r\n<td width=\"99\" height=\"58\">\r\n<p lang=\"es-ES\" align=\"center\"><\/p>\r\n<\/td>\r\n<td width=\"93\">\r\n<p lang=\"es-ES\" align=\"right\">13:45-15:15<\/p>\r\n<\/td>\r\n<td width=\"771\">\r\n<p lang=\"es-ES\">Comida<\/p>\r\n<\/td>\r\n<\/tr>\r\n<\/tbody>\r\n<tbody>\r\n<tr valign=\"top\">\r\n<td bgcolor=\"#cdeff0\" width=\"99\" height=\"39\">\r\n<p lang=\"es-ES\" align=\"center\"><\/p>\r\n<\/td>\r\n<td bgcolor=\"#cdeff0\" width=\"93\">\r\n<p lang=\"es-ES\">15:15-16:45<\/p>\r\n<\/td>\r\n<td bgcolor=\"#cdeff0\" width=\"771\">\r\n<p lang=\"es-ES\">Sesiones paralelas (II)<\/p>\r\n<ul>\r\n    <li>Sesiones paralelas 2.1: Mercados Financieros y Pol\u00edtica Clim\u00e1tica<\/li>\r\n    <li>Sesiones paralelas 2.2: Nuclear y Restricciones Clim\u00e1ticas e H\u00eddricas<\/li>\r\n    <li>Sesiones paralelas 2.3: Mercados El\u00e9ctricos: Modelos y Regulaci\u00f3n<\/li>\r\n    <li>Sesiones paralelas 2.4: Impactos Socioecon\u00f3micos y Distribucionales II<\/li>\r\n<\/ul>\r\n<\/td>\r\n<\/tr>\r\n<\/tbody>\r\n<tbody>\r\n<tr valign=\"top\">\r\n<td width=\"99\" height=\"56\">\r\n<p lang=\"es-ES\" align=\"center\"><\/p>\r\n<\/td>\r\n<td width=\"93\">\r\n<p lang=\"es-ES\" align=\"right\">16:45-17:30<\/p>\r\n<\/td>\r\n<td width=\"771\">\r\n<p lang=\"es-ES\">Asamblea de socios de la AEEE<\/p>\r\n<\/td>\r\n<\/tr>\r\n<\/tbody>\r\n<tbody>\r\n<tr valign=\"top\">\r\n<td width=\"99\" height=\"58\">\r\n<p lang=\"es-ES\" align=\"center\"><\/p>\r\n<\/td>\r\n<td width=\"93\">\r\n<p lang=\"es-ES\" align=\"right\">17:30-18:45<\/p>\r\n<\/td>\r\n<td width=\"771\">\r\n<p lang=\"es-ES\">Descanso<\/p>\r\n<\/td>\r\n<\/tr>\r\n<\/tbody>\r\n<tbody>\r\n<tr valign=\"top\">\r\n<td width=\"99\" height=\"58\">\r\n<p lang=\"es-ES\" align=\"center\"><\/p>\r\n<\/td>\r\n<td width=\"93\">\r\n<p lang=\"es-ES\" align=\"center\">18:45-20:15<\/p>\r\n<\/td>\r\n<td width=\"771\">\r\n<p lang=\"es-ES\">Visita guiada Museo UNAV<\/p>\r\n<\/td>\r\n<\/tr>\r\n<\/tbody>\r\n<tbody>\r\n<tr valign=\"top\">\r\n<td width=\"99\" height=\"39\">\r\n<p lang=\"es-ES\" align=\"center\"><\/p>\r\n<\/td>\r\n<td width=\"93\">\r\n<p lang=\"es-ES\" align=\"center\">20:15-22:00<\/p>\r\n<\/td>\r\n<td width=\"771\">\r\n<p lang=\"es-ES\">Cena de gala (Restaurante MUN UNAV)<\/p>\r\n<\/td>\r\n<\/tr>\r\n<\/tbody>\r\n<\/table><\/div><div  class=\"ui--space clearfix\" style=\"height: 30px;\" data-responsive=\"{&quot;css&quot;:{&quot;height&quot;:{&quot;phone&quot;:null,&quot;tablet&quot;:null,&quot;widescreen&quot;:&quot;30px&quot;}}}\"><\/div><div class=\"ui--animation\"><table width=\"957\" cellspacing=\"0\" cellpadding=\"0\">\r\n<tbody>\r\n<tr>\r\n<td colspan=\"3\" valign=\"top\" bgcolor=\"#40989F\" width=\"957\" height=\"40\">\r\n<h3 lang=\"es-ES\" align=\"center\"><span style=\"color: #ffffff;\">29 de Mayo de 2026<\/span><\/h3>\r\n<\/td>\r\n<\/tr>\r\n<tr valign=\"top\">\r\n<td bgcolor=\"#7cbec0\" width=\"99\" height=\"40\">\r\n<p lang=\"es-ES\" align=\"center\"><span style=\"color: #ffffff;\"><strong>Sala<\/strong><\/span><\/p>\r\n<\/td>\r\n<td bgcolor=\"#7cbec0\" width=\"90\">\r\n<p lang=\"es-ES\"><span style=\"color: #ffffff;\"><strong>Hora<\/strong><\/span><\/p>\r\n<\/td>\r\n<td bgcolor=\"#7cbec0\" width=\"768\">\r\n<p lang=\"es-ES\"><span style=\"color: #ffffff;\"><strong>Evento<\/strong><\/span><\/p>\r\n<\/td>\r\n<\/tr>\r\n<tr valign=\"top\">\r\n<td bgcolor=\"#cdeff2\" width=\"99\" height=\"72\">\r\n<p lang=\"es-ES\" align=\"center\"><\/p>\r\n<\/td>\r\n<td bgcolor=\"#cdeff2\" width=\"90\">\r\n<p lang=\"es-ES\">9:15-10:45<\/p>\r\n<\/td>\r\n<td bgcolor=\"#cdeff2\" width=\"768\">\r\n<p lang=\"es-ES\">Sesiones paralelas (III)<\/p>\r\n<ul>\r\n    <li>Sesiones paralelas 3.1: Sesi\u00f3n Especial: Pobreza Energ\u00e9tica (sesi\u00f3n patrocinada)<\/li>\r\n    <li>Sesiones paralelas 3.2: Descarbonizaci\u00f3n, Pol\u00edtica y Mitigaci\u00f3n<\/li>\r\n    <li>Sesiones paralelas 3.3: Precios de la Energ\u00eda, Movilidad y Comportamiento<\/li>\r\n    <li>Sesiones paralelas 3.4: Sesi\u00f3n de Presentaci\u00f3n de Proyectos de Investigaci\u00f3n<\/li> \r\n<\/ul>\r\n<\/td>\r\n<\/tr>\r\n<\/tbody>\r\n<tbody>\r\n<tr valign=\"top\">\r\n<td width=\"99\" height=\"56\">\r\n<p lang=\"es-ES\" align=\"center\"><\/p>\r\n<\/td>\r\n<td width=\"100\">\r\n<p lang=\"es-ES\">10:45-11:15<\/p>\r\n<\/td>\r\n<td width=\"768\">\r\n<p lang=\"es-ES\">Pausa para caf\u00e9<\/p>\r\n<\/td>\r\n<\/tr>\r\n<\/tbody>\r\n<tbody>\r\n<tr valign=\"top\">\r\n<td width=\"99\" height=\"39\">\r\n<p lang=\"es-ES\" align=\"center\"><\/p>\r\n<\/td>\r\n<td width=\"90\">\r\n<p lang=\"es-ES\">11:15-12:30<\/p>\r\n<\/td>\r\n<td width=\"768\">\r\n<p lang=\"es-ES\">Ponencia plenaria \u2013 Monica Giulietti (U Nottingham)<\/p>\r\n<\/td>\r\n<\/tr>\r\n<\/tbody>\r\n<tbody>\r\n<tr valign=\"top\">\r\n<td bgcolor=\"#cdeff2\" width=\"99\" height=\"56\">\r\n<p lang=\"es-ES\" align=\"center\"><\/p>\r\n<\/td>\r\n<td bgcolor=\"#cdeff2\" width=\"90\">\r\n<p lang=\"es-ES\">12:30-13:45<\/p>\r\n<\/td>\r\n<td bgcolor=\"#cdeff2\" width=\"768\">\r\n<p lang=\"es-ES\">Sesiones paralelas (IV)<\/p>\r\n<ul>\r\n    <li>Sesiones paralelas 4.1: Energ\u00eda y Econom\u00eda Fuera de Europa<\/li>\r\n    <li>Sesiones paralelas 4.2: Mercados del Petr\u00f3leo y Shocks Energ\u00e9ticos<\/li>\r\n    <li>Sesiones paralelas 4.3: Electromovilidad y Demanda Energ\u00e9tica<\/li>\r\n    <li>Sesiones paralelas 4.4: Despliegue de Energ\u00edas Renovables e Infraestructura<\/li>\r\n<\/ul>\r\n<\/td>\r\n<\/tr>\r\n<\/tbody>\r\n<tbody>\r\n<tr valign=\"top\">\r\n<td width=\"99\" height=\"72\">\r\n<p lang=\"es-ES\" align=\"center\"><\/p>\r\n<\/td>\r\n<td width=\"90\">\r\n<p lang=\"es-ES\">13:45-14:15<\/p>\r\n<\/td>\r\n<td width=\"768\">\r\n<p lang=\"es-ES\">Acto de clausura (entrega Premios REE)<\/p>\r\n<\/td>\r\n<\/tr>\r\n<\/tbody>\r\n<tbody>\r\n<tr valign=\"top\">\r\n<td width=\"99\" height=\"38\">\r\n<p lang=\"es-ES\" align=\"center\"><\/p>\r\n<\/td>\r\n<td width=\"90\">\r\n<p lang=\"es-ES\">14:15-15:30<\/p>\r\n<\/td>\r\n<td width=\"768\">\r\n<p lang=\"es-ES\">Comida<\/p>\r\n<\/td>\r\n<\/tr>\r\n<\/tbody>\r\n<\/table><\/div><div  class=\"ui--space clearfix\" style=\"height: 30px;\" data-responsive=\"{&quot;css&quot;:{&quot;height&quot;:{&quot;phone&quot;:null,&quot;tablet&quot;:null,&quot;widescreen&quot;:&quot;30px&quot;}}}\"><\/div><\/div><div  class=\"ui--space clearfix\" style=\"height: 42px;\" data-responsive=\"{&quot;css&quot;:{&quot;height&quot;:{&quot;phone&quot;:null,&quot;tablet&quot;:null,&quot;widescreen&quot;:&quot;42px&quot;}}}\"><\/div>","protected":false},"excerpt":{"rendered":"<p>XXI CONGRESO DE LA ASOCIACI\u00d3N ESPA\u00d1OLA PARA LA ECONOM\u00cdA ENERG\u00c9TICA\u201cDesarrollo energ\u00e9tico sostenible: implicaciones socioecon\u00f3micas, medioambientales y geopol\u00edticas\u201dPamplona, 27-29 de mayo de 2026 27 de Mayo de 2026 Sala Hora Evento 17:15-18:00 Encuentro informal de participantes 18:00-19:30 Mesa redonda \u2013 Mujeres en el Sector de la Energ\u00eda 19:45-21:00 Pinchos y c\u00f3ctel de bienvenida 28 de Mayo [&hellip;]<\/p>\n","protected":false},"author":3,"featured_media":0,"parent":0,"menu_order":3,"comment_status":"open","ping_status":"closed","template":"","meta":{"footnotes":""},"class_list":["post-1057","page","type-page","status-publish","hentry"],"_links":{"self":[{"href":"https:\/\/aeee.es\/xxi_congreso_aeee\/wp-json\/wp\/v2\/pages\/1057","targetHints":{"allow":["GET"]}}],"collection":[{"href":"https:\/\/aeee.es\/xxi_congreso_aeee\/wp-json\/wp\/v2\/pages"}],"about":[{"href":"https:\/\/aeee.es\/xxi_congreso_aeee\/wp-json\/wp\/v2\/types\/page"}],"author":[{"embeddable":true,"href":"https:\/\/aeee.es\/xxi_congreso_aeee\/wp-json\/wp\/v2\/users\/3"}],"replies":[{"embeddable":true,"href":"https:\/\/aeee.es\/xxi_congreso_aeee\/wp-json\/wp\/v2\/comments?post=1057"}],"version-history":[{"count":103,"href":"https:\/\/aeee.es\/xxi_congreso_aeee\/wp-json\/wp\/v2\/pages\/1057\/revisions"}],"predecessor-version":[{"id":2038,"href":"https:\/\/aeee.es\/xxi_congreso_aeee\/wp-json\/wp\/v2\/pages\/1057\/revisions\/2038"}],"wp:attachment":[{"href":"https:\/\/aeee.es\/xxi_congreso_aeee\/wp-json\/wp\/v2\/media?parent=1057"}],"curies":[{"name":"wp","href":"https:\/\/api.w.org\/{rel}","templated":true}]}}