{"id":71,"date":"2015-02-11T15:53:53","date_gmt":"2015-02-11T15:53:53","guid":{"rendered":"https:\/\/aeee.es\/xx_congreso_aeee\/?page_id=71"},"modified":"2025-03-05T11:23:46","modified_gmt":"2025-03-05T10:23:46","slug":"inicio","status":"publish","type":"page","link":"https:\/\/aeee.es\/xx_congreso_aeee\/","title":{"rendered":"Informaci\u00f3n General"},"content":{"rendered":"<div class=\"ui--image-wrap clearfix\" style=\"margin-top: 30px;  margin-bottom: 30px;\"><img decoding=\"async\"  id=\"ui--image-1\" class=\"ui--image ui--animation\" src=\"https:\/\/aeee.es\/xx_congreso_aeee\/wp-content\/uploads\/2024\/12\/banner-AEEE-bi.jpg\" alt=\"\" title=\"\" data-at2x=\"\"\/><\/div><div class=\"ui-row row\">\n <div   class=\"ui-column span8\"><div class=\"text-left\"><div  class=\"ui--space clearfix\" style=\"height: 15px;\" data-responsive=\"{&quot;css&quot;:{&quot;height&quot;:{&quot;phone&quot;:null,&quot;tablet&quot;:null,&quot;widescreen&quot;:&quot;15px&quot;}}}\"><\/div><h2 id=\"custom-title-h2-1\" class=\"ui--animation \" style=\"\"><strong>XX CONGRESO DE LA ASOCIACI\u00d3N ESPA\u00d1OLA PARA LA ECONOM\u00cdA ENERG\u00c9TICA<\/strong><\/h2><h3 id=\"custom-title-h3-1\" class=\"ui--animation \" style=\"\"><strong>\u201cTransici\u00f3n energ\u00e9tica: retos y oportunidades para la industria\u201d<\/strong><\/h3><h3 id=\"custom-title-h3-2\" class=\"ui--animation \" style=\"\"><strong>Bilbao, 2 - 4 de junio de 2025<\/strong><\/h3><div class=\"ui--image-wrap clearfix\" style=\"margin-bottom: 24px;\"><img decoding=\"async\"  id=\"ui--image-2\" class=\"ui--image ui--animation\" src=\"https:\/\/aeee.es\/xx_congreso_aeee\/wp-content\/uploads\/2024\/12\/FOTO_VISOROK1b.png\" alt=\"\" title=\"\" data-at2x=\"\"\/><\/div><div class=\"auto-format ui--animation\"><p>La Asociaci\u00f3n Espa\u00f1ola para la Econom\u00eda Energ\u00e9tica tiene el placer de anunciar la celebraci\u00f3n del XX Congreso Anual los d\u00edas 2, 3 y 4 de junio de 2025 en Bilbao. La Universidad del Pa\u00eds Vasco (UPV\/EHU), en colaboraci\u00f3n con el BC3-Basque Centre for Climate Change, acoger\u00e1 el congreso acad\u00e9mico y empresarial en Econom\u00eda de la Energ\u00eda m\u00e1s importante de Espa\u00f1a.<\/p>\n<p>La AEEE es la divisi\u00f3n espa\u00f1ola de la International Association for Energy Economics y, entre sus actividades, promueve la organizaci\u00f3n de un congreso anual sobre Econom\u00eda Energ\u00e9tica. El congreso de la AEEE pretende acentuar los lazos entre la Universidad, los reguladores y las empresas con intereses en \u00e1reas tales como la Econom\u00eda de la Energ\u00eda, el Medio Ambiente y el Cambio Clim\u00e1tico. En esta vig\u00e9sima edici\u00f3n, el objetivo principal del Congreso ser\u00e1 debatir, analizar y reflexionar sobre los retos y oportunidades que la transici\u00f3n energ\u00e9tica ofrece para la industria.<\/p>\n<p>Para todo ello, el congreso ofrecer\u00e1 participaciones acad\u00e9micas mediante la presentaci\u00f3n de art\u00edculos en sesiones paralelas y en sesiones de corta duraci\u00f3n, presentaci\u00f3n de proyectos de investigaci\u00f3n, as\u00ed como conferencias plenarias y mesas redondas con representantes empresariales, sociales, pol\u00edticos, y acad\u00e9micos del m\u00e1s alto nivel.<\/p>\n<\/div><div  class=\"ui--space clearfix\" style=\"height: 15px;\" data-responsive=\"{&quot;css&quot;:{&quot;height&quot;:{&quot;phone&quot;:null,&quot;tablet&quot;:null,&quot;widescreen&quot;:&quot;15px&quot;}}}\"><\/div><\/div><\/div> \n\n <div   class=\"ui-column span4\"><div  class=\"ui--space clearfix\" style=\"height: 0px;\" data-responsive=\"{&quot;css&quot;:{&quot;height&quot;:{&quot;phone&quot;:null,&quot;tablet&quot;:null,&quot;widescreen&quot;:&quot;0px&quot;}}}\"><\/div><h3 id=\"custom-title-h3-3\" class=\"ui--animation \" style=\"margin-top: 13px; \">Fechas claves<\/h3><ul class=\"ui--list list-font-icon parent-1\"><li class=\"child-1 total-4 ui--animation\"><i class=\"list-icon 14px fontawesome-check\" style=\"color: #45a3ab !important;\"><\/i><strong style=\"font-size: 16px;\">Plazo de env\u00edo de trabajos extendido: desde el 16 de enero hasta el 18 de marzo de 2025<\/strong><\/li><li class=\"child-2 total-4 ui--animation\"><i class=\"list-icon 14px fontawesome-check\" style=\"color: #45a3ab !important;\"><\/i><strong>Notificaci\u00f3n de aceptaciones:<\/strong> a partir del 8 de abril de 2025<\/li><li class=\"child-3 total-4 ui--animation\"><i class=\"list-icon 14px fontawesome-check\" style=\"color: #45a3ab !important;\"><\/i><strong>\u00daltimo d\u00eda de inscripci\u00f3n en el Congreso:<\/strong> 10 de mayo de 2025<\/li><li class=\"child-4 total-4 ui--animation\"><i class=\"list-icon 14px fontawesome-check\" style=\"color: #45a3ab !important;\"><\/i><strong>Celebraci\u00f3n del congreso:<\/strong> 2,3 y 4 de junio de 2025<\/li>  <\/ul><div class=\"text-center ui--animation\"><a class=\"btn btn-large btn-icon-left btn-primary\" href=\"https:\/\/aeee.es\/xx_congreso_aeee\/inscripcion-2\/\" style=\"\">Formulario de inscripci\u00f3n<\/a> <\/div><div class=\"text-center ui--animation\"><a class=\"btn btn-large btn-icon-left btn-primary\" href=\"https:\/\/aeee.es\/xx_congreso_aeee\/call-for-papers\/\" style=\"\">Plataforma de trabajos<\/a> <\/div><\/div> \n\n<\/div> \n<div  class=\"ui--space clearfix\" style=\"height: 42px;\" data-responsive=\"{&quot;css&quot;:{&quot;height&quot;:{&quot;phone&quot;:null,&quot;tablet&quot;:null,&quot;widescreen&quot;:&quot;42px&quot;}}}\"><\/div>","protected":false},"excerpt":{"rendered":"<p>XX CONGRESO DE LA ASOCIACI\u00d3N ESPA\u00d1OLA PARA LA ECONOM\u00cdA ENERG\u00c9TICA\u201cTransici\u00f3n energ\u00e9tica: retos y oportunidades para la industria\u201dBilbao, 2 &#8211; 4 de junio de 2025La Asociaci\u00f3n Espa\u00f1ola para la Econom\u00eda Energ\u00e9tica tiene el placer de anunciar la celebraci\u00f3n del XX Congreso Anual los d\u00edas 2, 3 y 4 de junio de 2025 en Bilbao. La Universidad [&hellip;]<\/p>\n","protected":false},"author":3,"featured_media":0,"parent":0,"menu_order":0,"comment_status":"open","ping_status":"open","template":"","meta":{"footnotes":""},"class_list":["post-71","page","type-page","status-publish","hentry"],"_links":{"self":[{"href":"https:\/\/aeee.es\/xx_congreso_aeee\/wp-json\/wp\/v2\/pages\/71","targetHints":{"allow":["GET"]}}],"collection":[{"href":"https:\/\/aeee.es\/xx_congreso_aeee\/wp-json\/wp\/v2\/pages"}],"about":[{"href":"https:\/\/aeee.es\/xx_congreso_aeee\/wp-json\/wp\/v2\/types\/page"}],"author":[{"embeddable":true,"href":"https:\/\/aeee.es\/xx_congreso_aeee\/wp-json\/wp\/v2\/users\/3"}],"replies":[{"embeddable":true,"href":"https:\/\/aeee.es\/xx_congreso_aeee\/wp-json\/wp\/v2\/comments?post=71"}],"version-history":[{"count":121,"href":"https:\/\/aeee.es\/xx_congreso_aeee\/wp-json\/wp\/v2\/pages\/71\/revisions"}],"predecessor-version":[{"id":1781,"href":"https:\/\/aeee.es\/xx_congreso_aeee\/wp-json\/wp\/v2\/pages\/71\/revisions\/1781"}],"wp:attachment":[{"href":"https:\/\/aeee.es\/xx_congreso_aeee\/wp-json\/wp\/v2\/media?parent=71"}],"curies":[{"name":"wp","href":"https:\/\/api.w.org\/{rel}","templated":true}]}}