{"id":537,"date":"2016-07-14T12:46:42","date_gmt":"2016-07-14T10:46:42","guid":{"rendered":"https:\/\/aeee.es\/xx_congreso_aeee\/?page_id=537"},"modified":"2025-03-13T14:02:46","modified_gmt":"2025-03-13T13:02:46","slug":"sede","status":"publish","type":"page","link":"https:\/\/aeee.es\/xx_congreso_aeee\/sede\/","title":{"rendered":"Sede"},"content":{"rendered":"<div class=\"ui-row row\">\n <div   class=\"ui-column span6\"><div class=\"ui--image-wrap clearfix\"><img decoding=\"async\"  id=\"ui--image-1\" class=\"ui--image ui--animation\" src=\"https:\/\/aeee.es\/xx_congreso_aeee\/wp-content\/uploads\/2025\/03\/Bilbao_-_Torre_Iberdrola_y_Paraninfo_de_la_UPV-EHU_2.jpg\" alt=\"sede-congreso-2024\" title=\"sede-congreso-2024\" data-at2x=\"\"\/><\/div><\/div> \n\n <div   class=\"ui-column span6\"><div class=\"ui--animation\"><h3>El XX Congreso de la Asociaci\u00f3n Espa\u00f1ola para la Econom\u00eda Energ\u00e9tica se celebrar\u00e1 en el Bizkaia Aretoa, ubicado en: Avenida Abandoibarra, 3 48009 Bilbao<\/h3>\r\n<p>Para m\u00e1s informaci\u00f3n sobre c\u00f3mo llegar en transporte p\u00fablico, coche, bicicleta o a pie, puedes consultar la <a href=\"https:\/\/www.ehu.eus\/es\/web\/bizkaia-aretoa\/nola-heldu\" target=\"_blank\">p\u00e1gina web del edificio.<\/a><\/p><\/div><\/div> \n\n<\/div> \n<div  class=\"ui--space clearfix\" style=\"height: 48px;\" data-responsive=\"{&quot;css&quot;:{&quot;height&quot;:{&quot;phone&quot;:null,&quot;tablet&quot;:null,&quot;widescreen&quot;:&quot;48px&quot;}}}\"><\/div><div class=\"auto-format ui--animation\"><p><iframe src=\"https:\/\/www.google.com\/maps\/embed?pb=!1m14!1m8!1m3!1d5810.363789147428!2d-2.937838!3d43.268565!3m2!1i1024!2i768!4f13.1!3m3!1m2!1s0xd4e4fd8d4e170bd%3A0x381723f56984f9a7!2sAv.%20Abandoibarra%2C%203%2C%20Abando%2C%2048009%20Bilbao%2C%20Vizcaya!5e0!3m2!1ses-419!2ses!4v1741870932655!5m2!1ses-419!2ses\" width=\"100%\" height=\"450\" style=\"border:0;\" allowfullscreen=\"\" loading=\"lazy\" referrerpolicy=\"no-referrer-when-downgrade\"><\/iframe><\/p>\n<\/div><div  class=\"ui--space clearfix\" data-responsive=\"{&quot;css&quot;:{&quot;height&quot;:{&quot;phone&quot;:null,&quot;tablet&quot;:null,&quot;widescreen&quot;:null}}}\"><\/div>","protected":false},"excerpt":{"rendered":"<p>El XX Congreso de la Asociaci\u00f3n Espa\u00f1ola para la Econom\u00eda Energ\u00e9tica se celebrar\u00e1 en el Bizkaia Aretoa, ubicado en: Avenida Abandoibarra, 3 48009 Bilbao Para m\u00e1s informaci\u00f3n sobre c\u00f3mo llegar en transporte p\u00fablico, coche, bicicleta o a pie, puedes consultar la p\u00e1gina web del edificio.<\/p>\n","protected":false},"author":3,"featured_media":0,"parent":0,"menu_order":8,"comment_status":"open","ping_status":"closed","template":"","meta":{"footnotes":""},"class_list":["post-537","page","type-page","status-publish","hentry"],"_links":{"self":[{"href":"https:\/\/aeee.es\/xx_congreso_aeee\/wp-json\/wp\/v2\/pages\/537","targetHints":{"allow":["GET"]}}],"collection":[{"href":"https:\/\/aeee.es\/xx_congreso_aeee\/wp-json\/wp\/v2\/pages"}],"about":[{"href":"https:\/\/aeee.es\/xx_congreso_aeee\/wp-json\/wp\/v2\/types\/page"}],"author":[{"embeddable":true,"href":"https:\/\/aeee.es\/xx_congreso_aeee\/wp-json\/wp\/v2\/users\/3"}],"replies":[{"embeddable":true,"href":"https:\/\/aeee.es\/xx_congreso_aeee\/wp-json\/wp\/v2\/comments?post=537"}],"version-history":[{"count":15,"href":"https:\/\/aeee.es\/xx_congreso_aeee\/wp-json\/wp\/v2\/pages\/537\/revisions"}],"predecessor-version":[{"id":1804,"href":"https:\/\/aeee.es\/xx_congreso_aeee\/wp-json\/wp\/v2\/pages\/537\/revisions\/1804"}],"wp:attachment":[{"href":"https:\/\/aeee.es\/xx_congreso_aeee\/wp-json\/wp\/v2\/media?parent=537"}],"curies":[{"name":"wp","href":"https:\/\/api.w.org\/{rel}","templated":true}]}}