{"id":525,"date":"2016-07-14T12:42:51","date_gmt":"2016-07-14T10:42:51","guid":{"rendered":"https:\/\/aeee.es\/xx_congreso_aeee\/?page_id=525"},"modified":"2025-04-10T09:35:32","modified_gmt":"2025-04-10T07:35:32","slug":"ponentes-invitados","status":"publish","type":"page","link":"https:\/\/aeee.es\/xx_congreso_aeee\/ponentes-invitados\/","title":{"rendered":"Ponentes Invitados"},"content":{"rendered":"<div class=\"ui-row row\">\n <div   class=\"ui-column span4\"><div  class=\"ui--animation-in make--fx--fadein-ltr ui--pass clearfix\" data-fx=\"fx--fadein-ltr\" data-delay=\"400\" data-start-delay=\"0\"><div class=\"ui--box-widget\"><div class=\"ui--block ui--content-item ui--pass ui--animation\"><div  class=\"ui--content-box ui--box ui-row\"><div class=\"ui--content-box-header\"><div class=\"ui--content-box-media effect--fade type--default clearfix\" style=\"padding-bottom: 133.33%;\"><div class=\"ui--content-box-image-default\"><img decoding=\"async\"  class=\"ui--content-box-image\" src=\"https:\/\/aeee.es\/xx_congreso_aeee\/wp-content\/uploads\/2025\/02\/ponente-stefan-570x760.jpg\" alt=\"\" title=\"\"\/><\/div><\/div><div class=\"ui--content-box-title ui--gradient ui--gradient-grey on--hover clearfix text-center\"><h5 class=\"ui--content-box-title-text\"><strong>Prof. Dr. rer. pol. Stefan Lechtenb\u00f6hmer<\/strong><\/h5><\/div><\/div><div class=\"ui--content-box-content\"><div class=\"ui--content-box-content-text\"><p>Universidad de Kassel<\/p>\n<\/div><\/div><\/div><div class=\"ui--shadow ui--shadow-type-8 ui--shadow-abs ui--shadow-reset clearfix\"><img decoding=\"async\" src=\"https:\/\/aeee.es\/xx_congreso_aeee\/wp-content\/themes\/envision\/includes\/modules\/module.shadow\/shadows\/shadow-8.png\" alt=\"shadow\" \/><\/div><\/div><\/div><\/div><\/div> \n\n <div   class=\"ui-column span8\"><div  class=\"ui--animation-in make--fx--fadein-rtl ui--pass clearfix\" data-fx=\"fx--fadein-rtl\" data-delay=\"400\" data-start-delay=\"0\"><div id=\"1\"><div class=\"auto-format\"><p>Stefan Lechtenb\u00f6hmer es miembro del Consejo del Instituto de Sostenibilidad de Kassel y profesor titular de Dise\u00f1o de Tecnolog\u00eda Sostenible en la Universidad de Kassel. Su investigaci\u00f3n y docencia se centran en la transformaci\u00f3n sostenible de la industria y los sistemas energ\u00e9ticos, con un enfoque especial en la industria de materiales pesados.<\/p>\n<p>Stefan es tambi\u00e9n profesor asociado de Sistemas Energ\u00e9ticos Sostenibles del Futuro en la Universidad de Lund, Suecia. Es miembro del Comit\u00e9 Cient\u00edfico de la Agencia Europea de Medio Ambiente y del grupo de direcci\u00f3n de la Red de Investigaci\u00f3n sobre Sociedades Bajas en Carbono del G7. De 1994 a 2023 trabaj\u00f3 en el Instituto Wuppertal para el Clima, el Medio Ambiente y la Energ\u00eda, y desde 2010 fue Director del Departamento de Sistemas Energ\u00e9ticos e Industriales del Futuro. Entre 2018 y 2023, fue director cient\u00edfico y fundador de la iniciativa SCI4climate.NRW, parte de la iniciativa IN4climate.NRW.<\/p>\n<p>Stefan es licenciado en Geograf\u00eda por la Universidad de M\u00fcnster y doctor en Econom\u00eda por la Universidad de Flensburg.<\/p>\n<\/div><\/div><\/div><\/div> \n\n<\/div> \n<div  class=\"ui--space clearfix\" data-responsive=\"{&quot;css&quot;:{&quot;height&quot;:{&quot;phone&quot;:null,&quot;tablet&quot;:null,&quot;widescreen&quot;:null}}}\"><\/div><div class=\"ui-row row\">\n <div   class=\"ui-column span4\"><div  class=\"ui--animation-in make--fx--fadein-ltr ui--pass clearfix\" data-fx=\"fx--fadein-ltr\" data-delay=\"400\" data-start-delay=\"0\"><div class=\"ui--box-widget\"><div class=\"ui--block ui--content-item ui--pass ui--animation\"><div  class=\"ui--content-box ui--box ui-row\"><div class=\"ui--content-box-header\"><div class=\"ui--content-box-media effect--fade type--default clearfix\" style=\"padding-bottom: 133.33%;\"><div class=\"ui--content-box-image-default\"><img decoding=\"async\"  class=\"ui--content-box-image\" src=\"https:\/\/aeee.es\/xx_congreso_aeee\/wp-content\/uploads\/2025\/02\/ponente-cristina-570x760.jpg\" alt=\"\" title=\"\"\/><\/div><\/div><div class=\"ui--content-box-title ui--gradient ui--gradient-grey on--hover clearfix text-center\"><h5 class=\"ui--content-box-title-text\"><strong>Cristina Rivero Fern\u00e1ndez<\/strong><\/h5><\/div><\/div><div class=\"ui--content-box-content\"><div class=\"ui--content-box-content-text\"><p>Confederaci\u00f3n Espa\u00f1ola de Organizaciones Empresariales (CEOE)<\/p>\n<\/div><\/div><\/div><div class=\"ui--shadow ui--shadow-type-8 ui--shadow-abs ui--shadow-reset clearfix\"><img decoding=\"async\" src=\"https:\/\/aeee.es\/xx_congreso_aeee\/wp-content\/themes\/envision\/includes\/modules\/module.shadow\/shadows\/shadow-8.png\" alt=\"shadow\" \/><\/div><\/div><\/div><\/div><\/div> \n\n <div   class=\"ui-column span8\"><div  class=\"ui--animation-in make--fx--fadein-rtl ui--pass clearfix\" data-fx=\"fx--fadein-rtl\" data-delay=\"400\" data-start-delay=\"0\"><div id=\"2\"><div class=\"auto-format\"><p>Cristina Rivero Fern\u00e1ndez es licenciada en Ciencias Biol\u00f3gicas y m\u00e1ster en Evaluaci\u00f3n y Auditor\u00edas Ambientales. Ha desarrollado su carrera en los campos de la energ\u00eda, el medio ambiente y el cambio clim\u00e1tico dentro de la Asociaci\u00f3n Espa\u00f1ola de la Industria El\u00e9ctrica. A lo largo de su trayectoria, ha representado al sector el\u00e9ctrico espa\u00f1ol en organizaciones europeas como Eurelectric y actualmente representa al sector privado en BusinessEurope, donde se enfoca en pol\u00edticas industriales, energ\u00e9ticas, clim\u00e1ticas y medioambientales.<\/p>\n<p>En el \u00e1mbito internacional, ha colaborado con la Agencia Internacional de Energ\u00eda (AIE), la Agencia de Energ\u00eda Nuclear (NEA), la Comisi\u00f3n de Integraci\u00f3n Energ\u00e9tica Regional (CIER) y la Organizaci\u00f3n Latinoamericana de Energ\u00eda (OLADE). Adem\u00e1s, es observadora en representaci\u00f3n del sector privado en la Convenci\u00f3n Marco de las Naciones Unidas sobre el Cambio Clim\u00e1tico (CMNUCC) y ha participado en las COP desde 2001.<\/p>\n<p>Actualmente, dirige el Departamento de Industria, Energ\u00eda, Medio Ambiente y Clima de la Confederaci\u00f3n Espa\u00f1ola de Organizaciones Empresariales (CEOE). Tambi\u00e9n ha sido miembro de la Plataforma Europea de Finanzas Sostenibles y actualmente representa a BusinessEurope en la Plataforma de Biodiversidad de la Comisi\u00f3n Europea. En 2022, recibi\u00f3 el Premio Nacional de Medio Ambiente a la Acci\u00f3n Clim\u00e1tica y el Compromiso C\u00edvico.<\/p>\n<\/div><\/div><\/div><\/div> \n\n<\/div> \n<div  class=\"ui--space clearfix\" data-responsive=\"{&quot;css&quot;:{&quot;height&quot;:{&quot;phone&quot;:null,&quot;tablet&quot;:null,&quot;widescreen&quot;:null}}}\"><\/div><div class=\"ui-row row\">\n <div   class=\"ui-column span4\"><div  class=\"ui--animation-in make--fx--fadein-ltr ui--pass clearfix\" data-fx=\"fx--fadein-ltr\" data-delay=\"400\" data-start-delay=\"0\"><div class=\"ui--box-widget\"><div class=\"ui--block ui--content-item ui--pass ui--animation\"><div  class=\"ui--content-box ui--box ui-row\"><div class=\"ui--content-box-header\"><div class=\"ui--content-box-media effect--fade type--default clearfix\" style=\"padding-bottom: 133.33%;\"><div class=\"ui--content-box-image-default\"><img decoding=\"async\"  class=\"ui--content-box-image\" src=\"https:\/\/aeee.es\/xx_congreso_aeee\/wp-content\/uploads\/2025\/04\/pedro-linares-570x760.jpg\" alt=\"\" title=\"\"\/><\/div><\/div><div class=\"ui--content-box-title ui--gradient ui--gradient-grey on--hover clearfix text-center\"><h5 class=\"ui--content-box-title-text\"><strong>Pedro Linares<\/strong><\/h5><\/div><\/div><div class=\"ui--content-box-content\"><div class=\"ui--content-box-content-text\"><p>ICAI-IIT, Universidad Pontificia Comillas<\/p>\n<\/div><\/div><\/div><div class=\"ui--shadow ui--shadow-type-8 ui--shadow-abs ui--shadow-reset clearfix\"><img decoding=\"async\" src=\"https:\/\/aeee.es\/xx_congreso_aeee\/wp-content\/themes\/envision\/includes\/modules\/module.shadow\/shadows\/shadow-8.png\" alt=\"shadow\" \/><\/div><\/div><\/div><\/div><\/div> \n\n <div   class=\"ui-column span8\"><div  class=\"ui--animation-in make--fx--fadein-rtl ui--pass clearfix\" data-fx=\"fx--fadein-rtl\" data-delay=\"400\" data-start-delay=\"0\"><div id=\"1\"><div class=\"auto-format\"><p>Profesor Propio de Organizaci\u00f3n Industrial de la Escuela T\u00e9cnica Superior de Ingenier\u00eda ICAI, director de la bp Chair for a Sustainable Net Zero, y co-fundador y director de Economics for Energy. Tambi\u00e9n soy investigador del Instituto de Investigaci\u00f3n Tecnol\u00f3gica (IIT). Investigador Asociado en MIT CEEPR y en el EPRG de la U. de Cambridge, y Senior Fellow de Esade EcPol. Actualmente sirvo como Director de la Escuela Internacional de Doctorado de la Universidad Pontificia Comillas, y como editor en jefe de Papeles de Energ\u00eda y de The Energy Journal.<\/p>\n<p>En lo que respecta a mi docencia e investigaci\u00f3n, me gusta definirme como aprendiz de todo (aceptando por supuesto el lado negativo del asunto). Me interesan muchos temas, casi todos conectados con una idea amplia de sostenibilidad, entendida como un concepto integral que abarca la econom\u00eda, el medio ambiente, el capital social, la innovaci\u00f3n, y la justicia. Dedico la mayor\u00eda de mi investigaci\u00f3n a estudiar la relaci\u00f3n entre la energ\u00eda, la econom\u00eda y el medio ambiente, y en particular las pol\u00edticas energ\u00e9ticas sostenibles, la eficiencia energ\u00e9tica, y los modelos energ\u00e9ticos; pero tambi\u00e9n me interesan la toma de decisiones (sobre todo los m\u00e9todos de decisi\u00f3n multicriterio), la justicia social, la pol\u00edtica universitaria, y algunas m\u00e1s. He publicado sobre casi todos estos temas en las revistas relevantes m\u00e1s habituales del sector. Tambi\u00e9n he participado en numerosos proyectos de investigaci\u00f3n y consultor\u00eda para empresas e instituciones p\u00fablicas y privadas en Espa\u00f1a, Europa y Am\u00e9rica Latina. Soy miembro de AEEE-IAEE y la International Society on MCDM.<\/p>\n<\/div><\/div><\/div><\/div> \n\n<\/div> \n<div  class=\"ui--space clearfix\" data-responsive=\"{&quot;css&quot;:{&quot;height&quot;:{&quot;phone&quot;:null,&quot;tablet&quot;:null,&quot;widescreen&quot;:null}}}\"><\/div><div class=\"ui-row row\">\n <div   class=\"ui-column span4\"><div  class=\"ui--animation-in make--fx--fadein-ltr ui--pass clearfix\" data-fx=\"fx--fadein-ltr\" data-delay=\"400\" data-start-delay=\"0\"><div class=\"ui--box-widget\"><div class=\"ui--block ui--content-item ui--pass ui--animation\"><div  class=\"ui--content-box ui--box ui-row\"><div class=\"ui--content-box-header\"><div class=\"ui--content-box-media effect--fade type--default clearfix\" style=\"padding-bottom: 133.33%;\"><div class=\"ui--content-box-image-default\"><img decoding=\"async\"  class=\"ui--content-box-image\" src=\"https:\/\/aeee.es\/xx_congreso_aeee\/wp-content\/uploads\/2025\/04\/joan-batlla-570x760.jpg\" alt=\"\" title=\"\"\/><\/div><\/div><div class=\"ui--content-box-title ui--gradient ui--gradient-grey on--hover clearfix text-center\"><h5 class=\"ui--content-box-title-text\"><strong>Joan Batalla<\/strong><\/h5><\/div><\/div><div class=\"ui--content-box-content\"><div class=\"ui--content-box-content-text\"><p>Sedigas, FUNSEAM<\/p>\n<\/div><\/div><\/div><div class=\"ui--shadow ui--shadow-type-8 ui--shadow-abs ui--shadow-reset clearfix\"><img decoding=\"async\" src=\"https:\/\/aeee.es\/xx_congreso_aeee\/wp-content\/themes\/envision\/includes\/modules\/module.shadow\/shadows\/shadow-8.png\" alt=\"shadow\" \/><\/div><\/div><\/div><\/div><\/div> \n\n <div   class=\"ui-column span8\"><div  class=\"ui--animation-in make--fx--fadein-rtl ui--pass clearfix\" data-fx=\"fx--fadein-rtl\" data-delay=\"400\" data-start-delay=\"0\"><div id=\"2\"><div class=\"auto-format\"><p>Joan Batalla es el presidente de Sedigas desde noviembre de 2020 y cuenta con una amplia trayectoria profesional vinculada al sector energ\u00e9tico. Desde 2015 ocupa el puesto de director general en la Fundaci\u00f3n para la Sostenibilidad Energ\u00e9tica y Ambiental (FUNSEAM), una instituci\u00f3n sin \u00e1nimo de lucro cuya misi\u00f3n es la investigaci\u00f3n en el \u00e1mbito de la econom\u00eda de la energ\u00eda y la promoci\u00f3n de la sostenibilidad energ\u00e9tica y medioambiental.<\/p>\n<p>Con anterioridad, entre 2005 y 2011, fue director del Gabinete de Presidencia en la Comisi\u00f3n Nacional de Energ\u00eda (CNE), integrada actualmente en la CNMC. Posteriormente ocup\u00f3 el cargo de consejero de dicho organismo, responsabiliz\u00e1ndose de la definici\u00f3n de la implementaci\u00f3n del marco regulatorio del sector energ\u00e9tico en Espa\u00f1a hasta el 2013.<\/p>\n<p>Licenciado en Econom\u00eda por la Universitat de Barcelona y Doctor en Econom\u00eda \u2013 Premio Extraordinario de Doctorado por la Universitat Rovira i Virgili -, complet\u00f3 su formaci\u00f3n con el Programa de Direcci\u00f3n General (PDG) del IESE de la Universidad de Navarra y un M\u00e1ster en Regulaci\u00f3n Energ\u00e9tica por la Florence School of Regulation del European University Institute.<\/p>\n<\/div><\/div><\/div><\/div> \n\n<\/div> \n<div  class=\"ui--space clearfix\" data-responsive=\"{&quot;css&quot;:{&quot;height&quot;:{&quot;phone&quot;:null,&quot;tablet&quot;:null,&quot;widescreen&quot;:null}}}\"><\/div><div class=\"ui-row row\">\n <div   class=\"ui-column span4\"><div  class=\"ui--animation-in make--fx--fadein-ltr ui--pass clearfix\" data-fx=\"fx--fadein-ltr\" data-delay=\"400\" data-start-delay=\"0\"><div class=\"ui--box-widget\"><div class=\"ui--block ui--content-item ui--pass ui--animation\"><div  class=\"ui--content-box ui--box ui-row\"><div class=\"ui--content-box-header\"><div class=\"ui--content-box-media effect--fade type--default clearfix\" style=\"padding-bottom: 133.33%;\"><div class=\"ui--content-box-image-default\"><img decoding=\"async\"  class=\"ui--content-box-image\" src=\"https:\/\/aeee.es\/xx_congreso_aeee\/wp-content\/uploads\/2025\/04\/david-parra-570x760.jpg\" alt=\"\" title=\"\"\/><\/div><\/div><div class=\"ui--content-box-title ui--gradient ui--gradient-grey on--hover clearfix text-center\"><h5 class=\"ui--content-box-title-text\"><strong>David Parra<\/strong><\/h5><\/div><\/div><div class=\"ui--content-box-content\"><div class=\"ui--content-box-content-text\"><p>Centro Ib\u00e9rico de Investigaci\u00f3n en Almacenamiento de Energ\u00eda (CIIAE)<\/p>\n<\/div><\/div><\/div><div class=\"ui--shadow ui--shadow-type-8 ui--shadow-abs ui--shadow-reset clearfix\"><img decoding=\"async\" src=\"https:\/\/aeee.es\/xx_congreso_aeee\/wp-content\/themes\/envision\/includes\/modules\/module.shadow\/shadows\/shadow-8.png\" alt=\"shadow\" \/><\/div><\/div><\/div><\/div><\/div> \n\n <div   class=\"ui-column span8\"><div  class=\"ui--animation-in make--fx--fadein-rtl ui--pass clearfix\" data-fx=\"fx--fadein-rtl\" data-delay=\"400\" data-start-delay=\"0\"><div id=\"1\"><div class=\"auto-format\"><p>Dr. David Parra Mendoza es director del Departamento de Hidr\u00f3geno y Power-to-X en el Centro Ib\u00e9rico de Investigaci\u00f3n en Almacenamiento de Energ\u00eda (CIIAE). Antes, fue investigador senior y docente en la Universidad de Ginebra (Suiza), donde coordin\u00f3 la investigaci\u00f3n sobre almacenamiento de energ\u00eda e hidr\u00f3geno. Tambi\u00e9n fue investigador principal en el Centro de Competencia Suizo para Almacenamiento de energ\u00eda, as\u00ed como investigador visitante en el Instituto Tecnol\u00f3gico de Massachusetts (MIT). <\/p>\n<p>Su investigaci\u00f3n es de car\u00e1cter interdisciplinar e integra las dimensiones t\u00e9cnica, econ\u00f3mica, medioambiental y social, esta \u00faltima en proceso de ampliaci\u00f3n. Ha demostrado su capacidad para liderar colaboraciones en proyectos a nivel nacional e internacional. Primero, el Dr. David Parra Mendoza fue investigador en el CSIC (2008-2010), estudiante de doctorado en la Universidad de Nottingham (2010-2014) y postdoc en la Universidad de Ginebra (2014-2016).<\/p>\n<\/div><\/div><\/div><\/div> \n\n<\/div> \n<div  class=\"ui--space clearfix\" data-responsive=\"{&quot;css&quot;:{&quot;height&quot;:{&quot;phone&quot;:null,&quot;tablet&quot;:null,&quot;widescreen&quot;:null}}}\"><\/div><div class=\"ui-row row\">\n <div   class=\"ui-column span4\"><div  class=\"ui--animation-in make--fx--fadein-ltr ui--pass clearfix\" data-fx=\"fx--fadein-ltr\" data-delay=\"400\" data-start-delay=\"0\"><div class=\"ui--box-widget\"><div class=\"ui--block ui--content-item ui--pass ui--animation\"><div  class=\"ui--content-box ui--box ui-row\"><div class=\"ui--content-box-header\"><div class=\"ui--content-box-media effect--fade type--default clearfix\" style=\"padding-bottom: 133.33%;\"><div class=\"ui--content-box-image-default\"><img decoding=\"async\"  class=\"ui--content-box-image\" src=\"https:\/\/aeee.es\/xx_congreso_aeee\/wp-content\/uploads\/2025\/04\/mari-paz-espinosa-570x760.jpg\" alt=\"\" title=\"\"\/><\/div><\/div><div class=\"ui--content-box-title ui--gradient ui--gradient-grey on--hover clearfix text-center\"><h5 class=\"ui--content-box-title-text\"><strong>Mar\u00eda Paz Espinosa<\/strong><\/h5><\/div><\/div><div class=\"ui--content-box-content\"><div class=\"ui--content-box-content-text\"><p>Universidad del Pa\u00eds Vasco (UPV\/EHU)<\/p>\n<\/div><\/div><\/div><div class=\"ui--shadow ui--shadow-type-8 ui--shadow-abs ui--shadow-reset clearfix\"><img decoding=\"async\" src=\"https:\/\/aeee.es\/xx_congreso_aeee\/wp-content\/themes\/envision\/includes\/modules\/module.shadow\/shadows\/shadow-8.png\" alt=\"shadow\" \/><\/div><\/div><\/div><\/div><\/div> \n\n <div   class=\"ui-column span8\"><div  class=\"ui--animation-in make--fx--fadein-rtl ui--pass clearfix\" data-fx=\"fx--fadein-rtl\" data-delay=\"400\" data-start-delay=\"0\"><div id=\"1\"><div class=\"auto-format\"><p>Mar\u00eda Paz Espinosa se licenci\u00f3 en Ciencias Econ\u00f3micas y Empresariales en la Universidad del Pa\u00eds Vasco. Posteriormente, obtuvo su Master y su Doctorado en Econom\u00eda ambos en la Universidad de Harvard, incorpor\u00e1ndose despu\u00e9s a la Universidad del Pa\u00eds Vasco, donde actualmente es Catedr\u00e1tica de Econom\u00eda. Una buena parte de sus trabajos acad\u00e9micos se han centrado en el \u00e1rea de la econom\u00eda industrial, las fuentes de energ\u00eda renovables y su incorporaci\u00f3n al mercado el\u00e9ctrico. Sus trabajos se han publicado en las principales revistas acad\u00e9micas de su \u00e1mbito de especializaci\u00f3n, as\u00ed como en libros colectivos y monograf\u00edas. Colabora con empresas e instituciones p\u00fablicas y privadas a trav\u00e9s de distintos proyectos y contratos de investigaci\u00f3n y con varias revistas cient\u00edficas, en calidad de coeditora o miembro del consejo editorial (por ejemplo, Papeles de Energ\u00eda). Ha sido Presidenta de la Asociaci\u00f3n Espa\u00f1ola de Econom\u00eda y Vicepresidenta Acad\u00e9mica de la Asociaci\u00f3n Espa\u00f1ola para la Econom\u00eda Energ\u00e9tica. Actualmente es, miembro de honor de la Asociaci\u00f3n Espa\u00f1ola de Econom\u00eda, miembro del Patronato de la Barcelona School of Economics y acad\u00e9mica de n\u00famero de la Real Academia de Ciencias Morales y Pol\u00edticas.<\/p>\n<\/div><\/div><\/div><\/div> \n\n<\/div> \n<div  class=\"ui--space clearfix\" data-responsive=\"{&quot;css&quot;:{&quot;height&quot;:{&quot;phone&quot;:null,&quot;tablet&quot;:null,&quot;widescreen&quot;:null}}}\"><\/div><div  class=\"ui--divider ui--animation clearfix ui--divider-solid-line\" style=\"margin-top: 18px;  margin-bottom: 24px;\"><\/div>","protected":false},"excerpt":{"rendered":"<p>Prof. Dr. rer. pol. Stefan Lechtenb\u00f6hmerUniversidad de Kassel Stefan Lechtenb\u00f6hmer es miembro del Consejo del Instituto de Sostenibilidad de Kassel y profesor titular de Dise\u00f1o de Tecnolog\u00eda Sostenible en la Universidad de Kassel. Su investigaci\u00f3n y docencia se centran en la transformaci\u00f3n sostenible de la industria y los sistemas energ\u00e9ticos, con un enfoque especial en [&hellip;]<\/p>\n","protected":false},"author":3,"featured_media":0,"parent":0,"menu_order":2,"comment_status":"open","ping_status":"closed","template":"","meta":{"footnotes":""},"class_list":["post-525","page","type-page","status-publish","hentry"],"_links":{"self":[{"href":"https:\/\/aeee.es\/xx_congreso_aeee\/wp-json\/wp\/v2\/pages\/525","targetHints":{"allow":["GET"]}}],"collection":[{"href":"https:\/\/aeee.es\/xx_congreso_aeee\/wp-json\/wp\/v2\/pages"}],"about":[{"href":"https:\/\/aeee.es\/xx_congreso_aeee\/wp-json\/wp\/v2\/types\/page"}],"author":[{"embeddable":true,"href":"https:\/\/aeee.es\/xx_congreso_aeee\/wp-json\/wp\/v2\/users\/3"}],"replies":[{"embeddable":true,"href":"https:\/\/aeee.es\/xx_congreso_aeee\/wp-json\/wp\/v2\/comments?post=525"}],"version-history":[{"count":20,"href":"https:\/\/aeee.es\/xx_congreso_aeee\/wp-json\/wp\/v2\/pages\/525\/revisions"}],"predecessor-version":[{"id":1856,"href":"https:\/\/aeee.es\/xx_congreso_aeee\/wp-json\/wp\/v2\/pages\/525\/revisions\/1856"}],"wp:attachment":[{"href":"https:\/\/aeee.es\/xx_congreso_aeee\/wp-json\/wp\/v2\/media?parent=525"}],"curies":[{"name":"wp","href":"https:\/\/api.w.org\/{rel}","templated":true}]}}