{"id":535,"date":"2016-07-14T12:46:16","date_gmt":"2016-07-14T10:46:16","guid":{"rendered":"https:\/\/aeee.es\/xix_congreso_aeee\/?page_id=535"},"modified":"2024-04-18T18:36:41","modified_gmt":"2024-04-18T16:36:41","slug":"comites","status":"publish","type":"page","link":"https:\/\/aeee.es\/xix_congreso_aeee\/comites\/","title":{"rendered":"Comit\u00e9s"},"content":{"rendered":"<div class=\"ui-row row\">\n <div   class=\"ui-column span6\"><div class=\"text-left\"><div  class=\"ui--space clearfix\" style=\"height: 15px;\" data-responsive=\"{&quot;css&quot;:{&quot;height&quot;:{&quot;phone&quot;:null,&quot;tablet&quot;:null,&quot;widescreen&quot;:&quot;15px&quot;}}}\"><\/div><h3 id=\"custom-title-h3-1\" class=\"ui--animation \" style=\"\"><strong>Comit\u00e9 Cient\u00edfico<\/strong><\/h3><div class=\"auto-format ui--animation\"><p><strong>Jacint Balaguer (Pte.)<\/strong><br \/>\nUniversitat Jaume I<\/p>\n<p><strong>Emilio Cerd\u00e1<\/strong><br \/>\nUniversidad Complutense de Madrid<\/p>\n<p><strong>Amaya de Ayala<\/strong><br \/>\nUniversidad del Pa\u00eds Vasco \/Basque Centre for Climate Change (BC3)<\/p>\n<p><strong>Pablo Due\u00f1as<\/strong><br \/>\nMassachusetts Institute of Technology<\/p>\n<p><strong>Rebeca Jim\u00e9nez<\/strong><br \/>\nUniversidad de Salamanca<\/p>\n<p><strong>Pedro Linares<\/strong><br \/>\nUniversidad de Comillas<\/p>\n<p><strong>Hugo Lucas<\/strong><br \/>\nFondo de Asistencia T\u00e9cnica Global de la UE para la energ\u00eda sostenible<\/p>\n<p><strong>Juliette Milgram<\/strong><br \/>\nUniversidad de Granada<\/p>\n<p><strong>Mari Paz Espinosa<\/strong><br \/>\nUniversidad del Pa\u00eds Vasco<\/p>\n<p><strong>Cristina Pizarro<\/strong><br \/>\nUniversidad del Pa\u00eds Vasco \/Basque Centre for Climate Change (BC3)<\/p>\n<p><strong>Jose Garc\u00eda Quevedo<\/strong><br \/>\nUniversidad de Barcelona<\/p>\n<\/div><\/div><\/div> \n\n <div   class=\"ui-column span6\"><div class=\"text-left\"><div  class=\"ui--space clearfix\" style=\"height: 15px;\" data-responsive=\"{&quot;css&quot;:{&quot;height&quot;:{&quot;phone&quot;:null,&quot;tablet&quot;:null,&quot;widescreen&quot;:&quot;15px&quot;}}}\"><\/div><h3 id=\"custom-title-h3-2\" class=\"ui--animation \" style=\"\"><strong>Comit\u00e9 Organizador<\/strong><\/h3><div class=\"auto-format ui--animation\"><p><strong>Juliette Milgram (Presidente)<\/strong><br \/>\nDepartamento de Teor\u00eda e Historia Econ\u00f3mica. Universidad de Granada<\/p>\n<p><strong>Federico Carril-Caccia<\/strong><br \/>\nDepartamento de Econom\u00eda Internacional y de Espa\u00f1a. Universidad de Granada<\/p>\n<p><strong>Bianca Cid<\/strong><br \/>\nCESUGA (Centro de Estudios Superiores Universitarios de Galicia)<\/p>\n<p><strong>Miguel \u00c1ngel Garc\u00eda Rubio<\/strong><br \/>\nDepartamento de Econom\u00eda Aplicada. Universidad de Granada<\/p>\n<p><strong>\u00c1lvaro L\u00f3pez-Pe\u00f1a<\/strong><br \/>\nCAPITAL ENERGY<\/p>\n<p><strong>Miguel \u00c1ngel Mu\u00f1oz<\/strong><br \/>\nIBERDROLA<\/p>\n<p><strong>\u00c1ngel Ferm\u00edn Ramos Ridao<\/strong><br \/>\nDirector departamento de Ingenier\u00eda Civil E.T.S. de Ingenier\u00eda de Caminos, Canales y Puertos. Universidad de Granada<\/p>\n<p><strong>Gonzalo Saenz de Miera<\/strong><br \/>\nIBERDROLA<\/p>\n<p><strong>Mar\u00eda San Salvador<\/strong><br \/>\nGLOBAL FACTOR<\/p>\n<p><strong>Kepa Solaun<\/strong><br \/>\nGLOBAL FACTOR <\/p>\n<p><strong>Jer\u00f3nimo Vida Manzano\t<\/strong><br \/>\nDepartamento de F\u00edsica Aplicada. Universidad de Granada<\/p>\n<\/div><\/div><\/div> \n\n<\/div> \n<div  class=\"ui--space clearfix\" style=\"height: 42px;\" data-responsive=\"{&quot;css&quot;:{&quot;height&quot;:{&quot;phone&quot;:null,&quot;tablet&quot;:null,&quot;widescreen&quot;:&quot;42px&quot;}}}\"><\/div>","protected":false},"excerpt":{"rendered":"<p>Comit\u00e9 Cient\u00edficoJacint Balaguer (Pte.) Universitat Jaume I Emilio Cerd\u00e1 Universidad Complutense de Madrid Amaya de Ayala Universidad del Pa\u00eds Vasco \/Basque Centre for Climate Change (BC3) Pablo Due\u00f1as Massachusetts Institute of Technology Rebeca Jim\u00e9nez Universidad de Salamanca Pedro Linares Universidad de Comillas Hugo Lucas Fondo de Asistencia T\u00e9cnica Global de la UE para la energ\u00eda [&hellip;]<\/p>\n","protected":false},"author":3,"featured_media":0,"parent":0,"menu_order":7,"comment_status":"open","ping_status":"closed","template":"","meta":{"footnotes":""},"class_list":["post-535","page","type-page","status-publish","hentry"],"_links":{"self":[{"href":"https:\/\/aeee.es\/xix_congreso_aeee\/wp-json\/wp\/v2\/pages\/535"}],"collection":[{"href":"https:\/\/aeee.es\/xix_congreso_aeee\/wp-json\/wp\/v2\/pages"}],"about":[{"href":"https:\/\/aeee.es\/xix_congreso_aeee\/wp-json\/wp\/v2\/types\/page"}],"author":[{"embeddable":true,"href":"https:\/\/aeee.es\/xix_congreso_aeee\/wp-json\/wp\/v2\/users\/3"}],"replies":[{"embeddable":true,"href":"https:\/\/aeee.es\/xix_congreso_aeee\/wp-json\/wp\/v2\/comments?post=535"}],"version-history":[{"count":13,"href":"https:\/\/aeee.es\/xix_congreso_aeee\/wp-json\/wp\/v2\/pages\/535\/revisions"}],"predecessor-version":[{"id":1589,"href":"https:\/\/aeee.es\/xix_congreso_aeee\/wp-json\/wp\/v2\/pages\/535\/revisions\/1589"}],"wp:attachment":[{"href":"https:\/\/aeee.es\/xix_congreso_aeee\/wp-json\/wp\/v2\/media?parent=535"}],"curies":[{"name":"wp","href":"https:\/\/api.w.org\/{rel}","templated":true}]}}