{"id":529,"date":"2016-07-14T12:43:41","date_gmt":"2016-07-14T10:43:41","guid":{"rendered":"https:\/\/aeee.es\/xix_congreso_aeee\/?page_id=529"},"modified":"2024-04-18T18:41:06","modified_gmt":"2024-04-18T16:41:06","slug":"inscripcion-2","status":"publish","type":"page","link":"https:\/\/aeee.es\/xix_congreso_aeee\/inscripcion-2\/","title":{"rendered":"Inscripci\u00f3n"},"content":{"rendered":"<div id=\"cuotas\"><div class=\"ui-row row\">\n <div   class=\"ui-column span8\"><h3 id=\"custom-title-h3-1\" class=\"ui--animation \" style=\"\"><strong>Cuotas de inscripci\u00f3n<\/strong> <\/h3><div class=\"auto-format ui--animation\"><p>En el momento de la inscripci\u00f3n al Congreso se proceder\u00e1 al alta en la Asociaci\u00f3n (a\u00f1o 2024), puesto que es requisito para la participaci\u00f3n en el Congreso ser socio\/a de la misma.<\/p>\n<p>Los importes incluyen la cuota anual de socio en el mismo pago*. Como recordar\u00e9is se puede solicitar el cambio a modalidad s\u00f3lo nacional (email mandado por Secretar\u00eda de la Asociaci\u00f3n el pasado 17 octubre 2022).<\/p>\n<p><strong>INSCRIPCI\u00d3N HASTA EL 10 DE MAYO DEL 2024<\/strong><br \/>\n<strong>1. INDIVIDUAL (NO JOVEN):<\/strong><\/p>\n<ul>\n<li>AEEE (modalidad s\u00f3lo nacional): 210 \u20ac.<\/li>\n<li>AEEE+IAEE (acceso a recursos de la Asociaci\u00f3n Internacional): 260 \u20ac.<\/li>\n<\/ul>\n<p><strong>2. J\u00d3VENES (edad igual o inferior a 35 a\u00f1os a fecha de 31 de diciembre de 2024):<\/strong><\/p>\n<ul>\n<li>AEEE (modalidad s\u00f3lo nacional): 45 \u20ac.<\/li>\n<li>AEEE+IAEE (acceso a recursos de la Asociaci\u00f3n Internacional): 75 \u20ac.<\/li>\n<\/ul>\n<p><strong>3. DESCUENTOS ESPECIALES<\/strong><\/p>\n<ul>\n<li>Institucional: 0 \u20ac (1 inscripci\u00f3n).<\/li>\n<li>Institucional Patrono: 0 \u20ac (2 inscripciones).<\/li>\n<li>Socios del Club Espa\u00f1ol la Energ\u00eda: 250 \u20ac.<\/li>\n<\/ul>\n<p><strong>INSCRIPCI\u00d3N DESPU\u00c9S DEL 10 DE MAYO DEL 2024:<\/strong><\/p>\n<ul>\n<li>AEEE (modalidad s\u00f3lo nacional, individual y j\u00f3venes): 300 \u20ac.<\/li>\n<li>AEEE+IAEE (acceso a recursos de la Asociaci\u00f3n Internacional, individual y j\u00f3venes): 350\u20ac.<\/li>\n<\/ul>\n<p>*Los socios que ya hayan abonado la cuota anual, deben descontar la cuota de esta cantidad.<\/p>\n<\/div><div class=\"text-center ui--animation\"><a class=\"btn btn-large btn-icon-left btn-primary\" href=\"https:\/\/grxworkshop.congressus.es\/aeee2024\" target=\"_blank\" style=\"\">Formulario de inscripci\u00f3n<\/a> <\/div><\/div> \n\n <div   class=\"ui-column span4\"><h3 id=\"custom-title-h3-2\" class=\"ui--animation \" style=\"margin-top: 13px; \">Fechas Importantes<\/h3><ul class=\"ui--list list-font-icon parent-1\"><li class=\"child-1 total-4 ui--animation\"><i class=\"list-icon 14px fontawesome-check\" style=\"color: #45a3ab !important;\"><\/i>Env\u00edo de propuestas: <span style=\"color: red; font-weight: 600;\">hasta el 15 de marzo de 2024<\/span><\/li><li class=\"child-2 total-4 ui--animation\"><i class=\"list-icon 14px fontawesome-check\" style=\"color: #45a3ab !important;\"><\/i>Notificaci\u00f3n de aceptaciones: a partir del 2 de abril de 2024<\/li><li class=\"child-3 total-4 ui--animation\"><i class=\"list-icon 14px fontawesome-check\" style=\"color: #45a3ab !important;\"><\/i>\u00daltimo d\u00eda de inscripci\u00f3n en el Congreso: 10 de mayo de 2024<\/li><li class=\"child-4 total-4 ui--animation\"><i class=\"list-icon 14px fontawesome-check\" style=\"color: #45a3ab !important;\"><\/i>Celebraci\u00f3n del congreso: 6 y 7 de junio de 2024<\/li>  <\/ul><div class=\"text-center ui--animation\"><a class=\"btn btn-large btn-icon-left btn-primary\" href=\"https:\/\/grxworkshop.congressus.es\/aeee2024\/trabajos\" target=\"_blank\" style=\"\">Formulario de env\u00edo de trabajos<\/a> <\/div><div class=\"text-center ui--animation\"><a class=\"btn btn-large btn-icon-left btn-primary\" href=\"https:\/\/grxworkshop.congressus.es\/aeee2024\" target=\"_blank\" style=\"\">Formulario de inscripci\u00f3n<\/a> <\/div><\/div> \n\n<\/div> \n<\/div>","protected":false},"excerpt":{"rendered":"<p>Cuotas de inscripci\u00f3n En el momento de la inscripci\u00f3n al Congreso se proceder\u00e1 al alta en la Asociaci\u00f3n (a\u00f1o 2024), puesto que es requisito para la participaci\u00f3n en el Congreso ser socio\/a de la misma. Los importes incluyen la cuota anual de socio en el mismo pago*. Como recordar\u00e9is se puede solicitar el cambio a [&hellip;]<\/p>\n","protected":false},"author":3,"featured_media":0,"parent":0,"menu_order":4,"comment_status":"open","ping_status":"closed","template":"","meta":{"footnotes":""},"class_list":["post-529","page","type-page","status-publish","hentry"],"_links":{"self":[{"href":"https:\/\/aeee.es\/xix_congreso_aeee\/wp-json\/wp\/v2\/pages\/529"}],"collection":[{"href":"https:\/\/aeee.es\/xix_congreso_aeee\/wp-json\/wp\/v2\/pages"}],"about":[{"href":"https:\/\/aeee.es\/xix_congreso_aeee\/wp-json\/wp\/v2\/types\/page"}],"author":[{"embeddable":true,"href":"https:\/\/aeee.es\/xix_congreso_aeee\/wp-json\/wp\/v2\/users\/3"}],"replies":[{"embeddable":true,"href":"https:\/\/aeee.es\/xix_congreso_aeee\/wp-json\/wp\/v2\/comments?post=529"}],"version-history":[{"count":15,"href":"https:\/\/aeee.es\/xix_congreso_aeee\/wp-json\/wp\/v2\/pages\/529\/revisions"}],"predecessor-version":[{"id":1593,"href":"https:\/\/aeee.es\/xix_congreso_aeee\/wp-json\/wp\/v2\/pages\/529\/revisions\/1593"}],"wp:attachment":[{"href":"https:\/\/aeee.es\/xix_congreso_aeee\/wp-json\/wp\/v2\/media?parent=529"}],"curies":[{"name":"wp","href":"https:\/\/api.w.org\/{rel}","templated":true}]}}