{"id":523,"date":"2016-07-14T12:42:29","date_gmt":"2016-07-14T10:42:29","guid":{"rendered":"https:\/\/aeee.es\/xix_congreso_aeee\/?page_id=523"},"modified":"2024-04-18T18:33:43","modified_gmt":"2024-04-18T16:33:43","slug":"call-for-papers","status":"publish","type":"page","link":"https:\/\/aeee.es\/xix_congreso_aeee\/call-for-papers\/","title":{"rendered":"Call for Papers"},"content":{"rendered":"<div class=\"ui-row row\">\n <div   class=\"ui-column span8\"><div class=\"text-left\"><div  class=\"ui--space clearfix\" style=\"height: 15px;\" data-responsive=\"{&quot;css&quot;:{&quot;height&quot;:{&quot;phone&quot;:null,&quot;tablet&quot;:null,&quot;widescreen&quot;:&quot;15px&quot;}}}\"><\/div><h2 id=\"custom-title-h2-1\" class=\"ui--animation \" style=\"\"><strong>XIX CONGRESO DE LA ASOCIACI\u00d3N ESPA\u00d1OLA PARA LA ECONOM\u00cdA ENERG\u00c9TICA<\/strong><\/h2><h3 id=\"custom-title-h3-1\" class=\"ui--animation \" style=\"\"><strong>\u201cLa transici\u00f3n energ\u00e9tica desde una perspectiva econ\u00f3mica\u201d<\/strong><\/h3><h3 id=\"custom-title-h3-2\" class=\"ui--animation \" style=\"\"><strong>Granada, 6-7 de junio de 2024<\/strong><\/h3><div class=\"ui--image-wrap clearfix text-center ui--block\"><img decoding=\"async\"  id=\"ui--image-1\" class=\"ui--image ui--animation\" src=\"https:\/\/aeee.es\/xix_congreso_aeee\/wp-content\/uploads\/2023\/12\/call-for-papers.jpg\" alt=\"\" title=\"\" data-at2x=\"\"\/><\/div><div  class=\"ui--space clearfix\" style=\"height: 15px;\" data-responsive=\"{&quot;css&quot;:{&quot;height&quot;:{&quot;phone&quot;:null,&quot;tablet&quot;:null,&quot;widescreen&quot;:&quot;15px&quot;}}}\"><\/div><div class=\"auto-format ui--animation\"><p>Existen tres modalidades para la participaci\u00f3n en el congreso: Comunicaciones, Flash sessions y Exposici\u00f3n de proyectos de investigaci\u00f3n.<\/p>\n<p>Todos los env\u00edos se realizar\u00e1n a trav\u00e9s de la <a href=\"https:\/\/grxworkshop.congressus.es\/aeee2024\/trabajos\" target=\"_blank\">plataforma de trabajos.<\/a> El plazo para enviar los trabajos estar\u00e1 abierto desde el 10 de enero de 2024 <span style=\"color: red; font-weight: 600;\">hasta el 15 de marzo de 2024<\/span><\/p>\n<\/div><h3 id=\"custom-title-h3-3\" class=\"ui--animation \" style=\"\"><strong>a) Comunicaciones:<\/strong><\/h3><div class=\"auto-format ui--animation\"><p>El Comit\u00e9 Cient\u00edfico y el Comit\u00e9 Organizador invitan a los investigadores e investigadoras en el \u00e1rea de Econom\u00eda de la Energ\u00eda a que env\u00eden sus trabajos originales (te\u00f3ricos y\/o emp\u00edricos) al <strong>XIX Congreso de la AEEE.<\/strong> <\/p>\n<p>Se deber\u00e1 enviar el trabajo completo o una versi\u00f3n sint\u00e9tica del mismo (con la misma estructura y una extensi\u00f3n no inferior a 700 palabras). Posteriormente, y tras su evaluaci\u00f3n, se comunicar\u00e1n aquellos trabajos seleccionados para su presentaci\u00f3n en las sesiones paralelas del congreso. En el momento de la inscripci\u00f3n al congreso se proceder\u00e1 al alta en la Asociaci\u00f3n, ya que es requisito para la presentaci\u00f3n de trabajos ser socio\/a de la misma.<\/p>\n<p>Cada comunicaci\u00f3n aceptada deber\u00e1 ser defendida por uno de los autores. El env\u00edo se realizar\u00e1 a trav\u00e9s de la plataforma de comunicaciones.<\/p>\n<p>Las <strong>comunicaciones presentadas deben respetar un formato est\u00e1ndar<\/strong> que incluya una introducci\u00f3n, metodolog\u00eda, resultados y conclusiones. En la primera p\u00e1gina deber\u00e1 constar la siguiente informaci\u00f3n: nombre, filiaci\u00f3n y direcci\u00f3n de correo electr\u00f3nico del autor y los coautores, t\u00edtulo del trabajo, resumen de no m\u00e1s de 100 palabras, 3 c\u00f3digos JEL, y un m\u00e1ximo de 5 palabras clave. Constar\u00e1 de un \u00fanico fichero en formato PDF, con un tama\u00f1o m\u00e1ximo de 2MB. <\/p>\n<p>Los trabajos estar\u00e1n sujetos a proceso de evaluaci\u00f3n por parte del Comit\u00e9 Cient\u00edfico. La decisi\u00f3n ser\u00e1 comunicada al autor de contacto.<\/p>\n<\/div><h3 id=\"custom-title-h3-4\" class=\"ui--animation \" style=\"\"><strong>Selecci\u00f3n de trabajos para \u201cPapeles de Energ\u00eda\u201d<\/strong><\/h3><div class=\"auto-format ui--animation\"><p>La revista \u201cPapeles de Energ\u00eda\u201d, editada por FUNCAS, tiene como objetivo contribuir a la divulgaci\u00f3n entre los sectores no acad\u00e9micos de la sociedad de los principales retos y soluciones para la transici\u00f3n energ\u00e9tica, tanto en Espa\u00f1a como a nivel global. Con motivo de la celebraci\u00f3n del congreso anual de la AEEE, \u201cPapeles de Energ\u00eda\u201d convoca un n\u00famero especial que estar\u00e1 compuesto de tres trabajos seleccionados por el editor de la revista. Estos deber\u00e1n analizar, de forma divulgativa a la vez que rigurosa, aspectos relacionados con la transici\u00f3n energ\u00e9tica. Cada uno de estos trabajos recibir\u00e1 300 euros brutos por su contribuci\u00f3n a la revista. Asimismo, los autores deber\u00e1n estar abiertos a realizar las modificaciones de redacci\u00f3n (siempre menores) que les indique el editor de la revista. <\/p>\n<p>Para participar en la selecci\u00f3n de trabajos, ser\u00e1 necesario hacer constar esta intenci\u00f3n al formalizar la inscripci\u00f3n al congreso.<\/p>\n<\/div><h3 id=\"custom-title-h3-5\" class=\"ui--animation \" style=\"\"><strong>b) Flash sessions:<\/strong><\/h3><div class=\"auto-format ui--animation\"><p>Los investigadores que deseen dar visibilidad a estudios preliminares pueden solicitar participar en una Flash Session. En \u00e9sta se presentar\u00e1 ante toda la audiencia del congreso, y en un tiempo de 5 minutos, la idea general y los principales resultados de la investigaci\u00f3n. No se exige formato, aunque se sugiere presentar entre 1 y 3 diapositivas (excluyendo p\u00e1gina de t\u00edtulos). La presentaci\u00f3n se har\u00e1 de manera oral con la proyecci\u00f3n del contenido de fondo. <\/p>\n<p>El env\u00edo se har\u00e1 mediante la plataforma de trabajos, constar\u00e1 de un \u00fanico fichero en formato PDF, con un tama\u00f1o m\u00e1ximo de 2MB. <\/p>\n<p>Las propuestas estar\u00e1n sujetas a proceso de evaluaci\u00f3n por parte del Comit\u00e9 Cient\u00edfico. Para presentar en esta sesi\u00f3n, es necesario registrarse como participante en el Congreso.<\/p>\n<\/div><h3 id=\"custom-title-h3-6\" class=\"ui--animation \" style=\"\"><strong>c) Exposici\u00f3n de proyectos de investigaci\u00f3n:<\/strong><\/h3><div class=\"auto-format ui--animation\"><p>Si est\u00e1s participando en un Proyecto de Investigaci\u00f3n relacionado con la tem\u00e1tica del congreso y quieres exponer sus resultados o simplemente explicar qu\u00e9 es lo que investiga tu grupo y c\u00f3mo lo est\u00e1is haciendo, o buscar posibles colaboraciones, puedes solicitar presentar este proyecto en la Sesi\u00f3n sobre proyectos de investigaci\u00f3n.<\/p>\n<p>Para ello, tienes que enviar una p\u00e1gina con los siguientes datos: nombre del Proyecto, entidad financiadora, Coordinador\/a-Investigador\/a Principal del mismo, filiaci\u00f3n, direcci\u00f3n de correo de quien lo env\u00eda, y un resumen -de no m\u00e1s de 500 palabras- describiendo el proyecto as\u00ed como la posibilidad de contar con posibles colaboraciones de otros investigadores. El env\u00edo constar\u00e1 de un \u00fanico fichero en formato .pdf. <\/p>\n<p>Las propuestas estar\u00e1n sujetas a proceso de evaluaci\u00f3n por parte del Comit\u00e9 Cient\u00edfico. Para presentar en esta sesi\u00f3n, es necesario registrarse como participante en el Congreso.<\/p>\n<p>Se insta a los participantes a presentar el proyecto, destacando sus principales objetivos y fases de desarrollo. <\/p>\n<\/div><h3 id=\"custom-title-h3-7\" class=\"ui--animation \" style=\"\"><strong>Premios Red El\u00e9ctrica a j\u00f3venes investigadores:<\/strong><\/h3><div class=\"auto-format ui--animation\"><p>Con el prop\u00f3sito de fomentar la participaci\u00f3n de j\u00f3venes investigadores, podr\u00e1n optar a estos Premios los autores con edad igual o inferior a 35 a\u00f1os a fecha de 31 de diciembre de 2024 (los coautores no est\u00e1n sujetos a los requisitos de edad). No podr\u00e1n concurrir los ganadores del Premio Especial Red El\u00e9ctrica de ediciones pasadas. <\/p>\n<p>Los participantes deber\u00e1n presentar un trabajo original en el Congreso y ser socios de la AEEE. Se valorar\u00e1 positivamente que se figure como autor \u00fanico. El Comit\u00e9 Cient\u00edfico ser\u00e1 el responsable del fallo, y valorar\u00e1 los trabajos seg\u00fan criterios de calidad y relevancia dentro del campo de la Econom\u00eda de la Energ\u00eda. Para participar en los Premios, ser\u00e1 necesario hacer constar esta intenci\u00f3n al formular la inscripci\u00f3n al congreso. <\/p>\n<p>Los Premios consisten en un \u201cPremio Especial Red El\u00e9ctrica\u201d (1.000 \u20ac brutos), dos acc\u00e9sits (500 \u20ac brutos cada uno) y tres bolsas de viaje para acudir al Congreso (300\u20ac brutos cada una) a personas distintas. A estas cantidades brutas se les restar\u00e1 un 19% en concepto de retenci\u00f3n IRPF. Si ninguna de las propuestas alcanzara la calidad requerida por el Comit\u00e9, entonces los Premios podr\u00e1n declararse desiertos.  <\/p>\n<\/div><h3 id=\"custom-title-h3-8\" class=\"ui--animation \" style=\"\"><strong>Fechas clave:<\/strong><\/h3><div class=\"auto-format ui--animation\"><ul>\n<li>Env\u00edo de propuestas: hasta el 8 de marzo de 2024<\/li>\n<li>Notificaci\u00f3n de aceptaciones: a partir del 2 de abril de 2024<\/li>\n<li>\u00daltimo d\u00eda de inscripci\u00f3n en el Congreso: 10 de mayo de 2024<\/li>\n<li>Celebraci\u00f3n del congreso: 6 y 7 de junio de 2024<\/li>\n<\/ul>\n<\/div><div class=\"text-center ui--animation\"><a class=\"btn btn-large btn-icon-left btn-primary\" href=\"https:\/\/grxworkshop.congressus.es\/aeee2024\/trabajos\" target=\"_blank\" style=\"\">Plataforma de env\u00edo de trabajos<\/a> <\/div><h3 id=\"custom-title-h3-9\" class=\"ui--animation \" style=\"\"><strong>Cuota de inscripci\u00f3n:<\/strong><\/h3><div class=\"auto-format ui--animation\"><p>En el momento de la inscripci\u00f3n al Congreso se proceder\u00e1 al alta en la Asociaci\u00f3n (a\u00f1o 2024), puesto que es requisito para la participaci\u00f3n en el Congreso ser socio\/a de la misma. <\/p>\n<p>Los importes incluyen la cuota anual de socio en el mismo pago*. Como recordar\u00e9is se puede solicitar el cambio a modalidad s\u00f3lo nacional (email mandado por Secretar\u00eda de la Asociaci\u00f3n el pasado 17 octubre 2022).<\/p>\n<p><strong>INSCRIPCI\u00d3N HASTA EL 10 DE MAYO DEL 2024<\/strong><br \/>\n<strong>1. INDIVIDUAL (NO JOVEN):<\/strong><\/p>\n<ul>\n<li>AEEE (modalidad s\u00f3lo nacional): 210 \u20ac.<\/li>\n<li>AEEE+IAEE (acceso a recursos de la Asociaci\u00f3n Internacional): 260 \u20ac.<\/li>\n<\/ul>\n<p><strong>2. J\u00d3VENES (edad igual o inferior a 35 a\u00f1os a fecha de 31 de diciembre de 2024):<\/strong><\/p>\n<ul>\n<li>AEEE (modalidad s\u00f3lo nacional): 45 \u20ac.<\/li>\n<li>AEEE+IAEE (acceso a recursos de la Asociaci\u00f3n Internacional): 75 \u20ac.<\/li>\n<\/ul>\n<p><strong>3. DESCUENTOS ESPECIALES<\/strong><\/p>\n<ul>\n<li>Institucional: 0 \u20ac (1 inscripci\u00f3n).<\/li>\n<li>Institucional Patrono: 0 \u20ac (2 inscripciones).<\/li>\n<li>Socios del Club Espa\u00f1ol la Energ\u00eda: 250 \u20ac.<\/li>\n<\/ul>\n<p><strong>INSCRIPCI\u00d3N DESPU\u00c9S DEL 10 DE MAYO DEL 2024:<\/strong><\/p>\n<ul>\n<li>AEEE (modalidad s\u00f3lo nacional, individual y j\u00f3venes): 300 \u20ac.<\/li>\n<li>AEEE+IAEE (acceso a recursos de la Asociaci\u00f3n Internacional, individual y j\u00f3venes): 350\u20ac.<\/li>\n<\/ul>\n<p>*Los socios que ya hayan abonado la cuota anual, deben descontar la cuota de esta cantidad.<\/p>\n<\/div><div  class=\"ui--space clearfix\" style=\"height: 30px;\" data-responsive=\"{&quot;css&quot;:{&quot;height&quot;:{&quot;phone&quot;:null,&quot;tablet&quot;:null,&quot;widescreen&quot;:&quot;30px&quot;}}}\"><\/div><div class=\"text-center ui--animation\"><a class=\"btn btn-large btn-icon-left btn-primary\" href=\"https:\/\/aeee.es\/xix_congreso_aeee\/wp-content\/uploads\/2024\/01\/Call-for-papers_cast-XIX-AEEE-1.pdf\" target=\"_blank\" style=\"\">Descargar Call for Papers<\/a> <\/div><div class=\"text-center ui--animation\"><a class=\"btn btn-large btn-icon-left btn-primary\" href=\"https:\/\/grxworkshop.congressus.es\/aeee2024\" target=\"_blank\" style=\"\">Formulario de inscripci\u00f3n<\/a> <\/div><\/div><\/div> \n\n <div   class=\"ui-column span4\"><div  class=\"ui--space clearfix\" style=\"height: 15px;\" data-responsive=\"{&quot;css&quot;:{&quot;height&quot;:{&quot;phone&quot;:null,&quot;tablet&quot;:null,&quot;widescreen&quot;:&quot;15px&quot;}}}\"><\/div><h3 id=\"custom-title-h3-10\" class=\"ui--animation \" style=\"margin-top: 13px; \">Fechas Importantes<\/h3><ul class=\"ui--list list-font-icon parent-1\"><li class=\"child-1 total-4 ui--animation\"><i class=\"list-icon 14px fontawesome-check\" style=\"color: #45a3ab !important;\"><\/i>Env\u00edo de propuestas: <span style=\"color: red; font-weight: 600;\">hasta el 15 de marzo de 2024<\/span><\/li><li class=\"child-2 total-4 ui--animation\"><i class=\"list-icon 14px fontawesome-check\" style=\"color: #45a3ab !important;\"><\/i>Notificaci\u00f3n de aceptaciones: a partir del 2 de abril de 2024<\/li><li class=\"child-3 total-4 ui--animation\"><i class=\"list-icon 14px fontawesome-check\" style=\"color: #45a3ab !important;\"><\/i>\u00daltimo d\u00eda de inscripci\u00f3n en el Congreso: 10 de mayo de 2024<\/li><li class=\"child-4 total-4 ui--animation\"><i class=\"list-icon 14px fontawesome-check\" style=\"color: #45a3ab !important;\"><\/i>Celebraci\u00f3n del congreso: 6 y 7 de junio de 2024<\/li>  <\/ul><div class=\"text-center ui--animation\"><a class=\"btn btn-large btn-icon-left btn-primary\" href=\"https:\/\/grxworkshop.congressus.es\/aeee2024\" target=\"_blank\" style=\"\">Formulario de inscripci\u00f3n<\/a> <\/div><div class=\"text-center ui--animation\"><a class=\"btn btn-large btn-icon-left btn-primary\" href=\"https:\/\/aeee.es\/xix_congreso_aeee\/wp-content\/uploads\/2024\/01\/Call-for-papers_cast-XIX-AEEE-1.pdf\" target=\"_blank\" style=\"\">Descargar Call for Papers<\/a> <\/div><\/div> \n\n<\/div> \n<div  class=\"ui--space clearfix\" style=\"height: 42px;\" data-responsive=\"{&quot;css&quot;:{&quot;height&quot;:{&quot;phone&quot;:null,&quot;tablet&quot;:null,&quot;widescreen&quot;:&quot;42px&quot;}}}\"><\/div>","protected":false},"excerpt":{"rendered":"<p>XIX CONGRESO DE LA ASOCIACI\u00d3N ESPA\u00d1OLA PARA LA ECONOM\u00cdA ENERG\u00c9TICA\u201cLa transici\u00f3n energ\u00e9tica desde una perspectiva econ\u00f3mica\u201dGranada, 6-7 de junio de 2024Existen tres modalidades para la participaci\u00f3n en el congreso: Comunicaciones, Flash sessions y Exposici\u00f3n de proyectos de investigaci\u00f3n. Todos los env\u00edos se realizar\u00e1n a trav\u00e9s de la plataforma de trabajos. El plazo para enviar los [&hellip;]<\/p>\n","protected":false},"author":3,"featured_media":0,"parent":0,"menu_order":1,"comment_status":"open","ping_status":"closed","template":"","meta":{"footnotes":""},"class_list":["post-523","page","type-page","status-publish","hentry"],"_links":{"self":[{"href":"https:\/\/aeee.es\/xix_congreso_aeee\/wp-json\/wp\/v2\/pages\/523"}],"collection":[{"href":"https:\/\/aeee.es\/xix_congreso_aeee\/wp-json\/wp\/v2\/pages"}],"about":[{"href":"https:\/\/aeee.es\/xix_congreso_aeee\/wp-json\/wp\/v2\/types\/page"}],"author":[{"embeddable":true,"href":"https:\/\/aeee.es\/xix_congreso_aeee\/wp-json\/wp\/v2\/users\/3"}],"replies":[{"embeddable":true,"href":"https:\/\/aeee.es\/xix_congreso_aeee\/wp-json\/wp\/v2\/comments?post=523"}],"version-history":[{"count":43,"href":"https:\/\/aeee.es\/xix_congreso_aeee\/wp-json\/wp\/v2\/pages\/523\/revisions"}],"predecessor-version":[{"id":1586,"href":"https:\/\/aeee.es\/xix_congreso_aeee\/wp-json\/wp\/v2\/pages\/523\/revisions\/1586"}],"wp:attachment":[{"href":"https:\/\/aeee.es\/xix_congreso_aeee\/wp-json\/wp\/v2\/media?parent=523"}],"curies":[{"name":"wp","href":"https:\/\/api.w.org\/{rel}","templated":true}]}}